CRAN Package Check Results for Package takos

Last updated on 2023-12-01 07:50:22 CET.

Flavor Version Tinstall Tcheck Ttotal Status Flags
r-devel-linux-x86_64-debian-clang 0.2.0 7.73 69.16 76.89 NOTE
r-devel-linux-x86_64-debian-gcc 0.2.0 6.75 51.27 58.02 NOTE
r-devel-linux-x86_64-fedora-clang 0.2.0 102.91 NOTE
r-devel-linux-x86_64-fedora-gcc 0.2.0 93.13 NOTE
r-devel-windows-x86_64 0.2.0 7.00 76.00 83.00 NOTE
r-patched-linux-x86_64 0.2.0 6.72 64.06 70.78 NOTE
r-release-linux-x86_64 0.2.0 4.96 64.37 69.33 NOTE
r-release-macos-arm64 0.2.0 33.00 NOTE
r-release-macos-x86_64 0.2.0 47.00 NOTE
r-release-windows-x86_64 0.2.0 10.00 85.00 95.00 NOTE
r-oldrel-macos-arm64 0.2.0 31.00 NOTE
r-oldrel-macos-x86_64 0.2.0 62.00 NOTE
r-oldrel-windows-x86_64 0.2.0 12.00 88.00 100.00 NOTE

Check Details

Version: 0.2.0
Check: LazyData
Result: NOTE 'LazyData' is specified without a 'data' directory Flavors: r-devel-linux-x86_64-debian-clang, r-devel-linux-x86_64-debian-gcc, r-devel-linux-x86_64-fedora-clang, r-devel-linux-x86_64-fedora-gcc, r-devel-windows-x86_64, r-patched-linux-x86_64, r-release-linux-x86_64, r-release-macos-arm64, r-release-macos-x86_64, r-release-windows-x86_64, r-oldrel-macos-arm64, r-oldrel-macos-x86_64, r-oldrel-windows-x86_64

Version: 0.2.0
Check: dependencies in R code
Result: NOTE Namespaces in Imports field not imported from: ‘MASS’ ‘devEMF’ ‘segmented’ ‘smoother’ ‘tools’ All declared Imports should be used. Flavors: r-devel-linux-x86_64-fedora-clang, r-devel-linux-x86_64-fedora-gcc, r-oldrel-macos-arm64, r-oldrel-macos-x86_64