Last updated on 2023-03-28 20:52:05 CEST.
Flavor | Version | Tinstall | Tcheck | Ttotal | Status | Flags |
---|---|---|---|---|---|---|
r-devel-linux-x86_64-debian-clang | 0.1.2 | 3.69 | 40.59 | 44.28 | NOTE | |
r-devel-linux-x86_64-debian-gcc | 0.1.2 | 2.67 | 31.42 | 34.09 | NOTE | |
r-devel-linux-x86_64-fedora-clang | 0.1.2 | 61.03 | NOTE | |||
r-devel-linux-x86_64-fedora-gcc | 0.1.2 | 71.15 | NOTE | |||
r-patched-linux-x86_64 | 0.1.2 | 3.46 | 39.11 | 42.57 | NOTE | |
r-release-linux-x86_64 | 0.1.2 | 4.15 | 41.87 | 46.02 | NOTE | |
r-release-macos-arm64 | 0.1.2 | 23.00 | NOTE | |||
r-release-macos-x86_64 | 0.1.2 | 40.00 | NOTE | |||
r-release-windows-x86_64 | 0.1.2 | 13.00 | 81.00 | 94.00 | NOTE | |
r-oldrel-macos-arm64 | 0.1.2 | 23.00 | NOTE | |||
r-oldrel-macos-x86_64 | 0.1.2 | 40.00 | NOTE | |||
r-oldrel-windows-ix86+x86_64 | 0.1.2 | 12.00 | 74.00 | 86.00 | NOTE |
Version: 0.1.2
Check: LazyData
Result: NOTE
'LazyData' is specified without a 'data' directory
Flavors: r-devel-linux-x86_64-debian-clang, r-devel-linux-x86_64-debian-gcc, r-devel-linux-x86_64-fedora-clang, r-devel-linux-x86_64-fedora-gcc, r-patched-linux-x86_64, r-release-linux-x86_64, r-release-macos-arm64, r-release-macos-x86_64, r-release-windows-x86_64, r-oldrel-macos-arm64, r-oldrel-macos-x86_64, r-oldrel-windows-ix86+x86_64