CRAN Package Check Results for Package taipan

Last updated on 2024-02-23 07:52:23 CET.

Flavor Version Tinstall Tcheck Ttotal Status Flags
r-devel-linux-x86_64-debian-clang 0.1.2 NOTE
r-devel-linux-x86_64-debian-gcc 0.1.2 3.14 32.28 35.42 NOTE
r-devel-linux-x86_64-fedora-clang 0.1.2 57.51 NOTE
r-devel-linux-x86_64-fedora-gcc 0.1.2 67.37 NOTE
r-devel-windows-x86_64 0.1.2 5.00 54.00 59.00 NOTE
r-patched-linux-x86_64 0.1.2 3.17 41.41 44.58 NOTE
r-release-linux-x86_64 0.1.2 3.24 40.73 43.97 NOTE
r-release-macos-arm64 0.1.2 29.00 NOTE
r-release-macos-x86_64 0.1.2 43.00 NOTE
r-release-windows-x86_64 0.1.2 6.00 57.00 63.00 NOTE
r-oldrel-macos-arm64 0.1.2 23.00 NOTE
r-oldrel-windows-x86_64 0.1.2 7.00 67.00 74.00 NOTE

Check Details

Version: 0.1.2
Check: LazyData
Result: NOTE 'LazyData' is specified without a 'data' directory Flavors: r-devel-linux-x86_64-debian-clang, r-devel-linux-x86_64-debian-gcc, r-devel-linux-x86_64-fedora-clang, r-devel-linux-x86_64-fedora-gcc, r-devel-windows-x86_64, r-patched-linux-x86_64, r-release-linux-x86_64, r-release-macos-arm64, r-release-macos-x86_64, r-release-windows-x86_64, r-oldrel-macos-arm64, r-oldrel-windows-x86_64