CRAN Package Check Results for Package tabularmaps

Last updated on 2022-12-07 19:53:14 CET.

Flavor Version Tinstall Tcheck Ttotal Status Flags
r-devel-linux-x86_64-debian-clang 0.1.0 5.83 66.18 72.01 OK
r-devel-linux-x86_64-debian-gcc 0.1.0 4.91 49.34 54.25 OK
r-devel-linux-x86_64-fedora-clang 0.1.0 97.75 NOTE
r-devel-linux-x86_64-fedora-gcc 0.1.0 108.37 NOTE
r-devel-windows-x86_64 0.1.0 15.00 99.00 114.00 OK
r-patched-linux-x86_64 0.1.0 6.07 60.29 66.36 OK
r-release-linux-x86_64 0.1.0 4.69 63.43 68.12 OK
r-release-macos-arm64 0.1.0 29.00 NOTE
r-release-macos-x86_64 0.1.0 49.00 NOTE
r-release-windows-x86_64 0.1.0 15.00 98.00 113.00 OK
r-oldrel-macos-arm64 0.1.0 28.00 NOTE
r-oldrel-macos-x86_64 0.1.0 52.00 NOTE
r-oldrel-windows-ix86+x86_64 0.1.0 17.00 92.00 109.00 OK

Check Details

Version: 0.1.0
Check: data for non-ASCII characters
Result: NOTE
     Note: found 81 marked UTF-8 strings
Flavors: r-devel-linux-x86_64-fedora-clang, r-devel-linux-x86_64-fedora-gcc, r-release-macos-arm64, r-release-macos-x86_64, r-oldrel-macos-arm64, r-oldrel-macos-x86_64