CRAN Package Check Results for Package tabledown

Last updated on 2023-06-03 20:53:22 CEST.

Flavor Version Tinstall Tcheck Ttotal Status Flags
r-devel-linux-x86_64-debian-clang 0.0.3 14.65 220.69 235.34 OK
r-devel-linux-x86_64-debian-gcc 0.0.3 12.55 166.81 179.36 OK
r-devel-linux-x86_64-fedora-clang 0.0.3 299.43 NOTE
r-devel-linux-x86_64-fedora-gcc 0.0.3 297.36 NOTE
r-devel-windows-x86_64 0.0.3 14.00 174.00 188.00 OK
r-patched-linux-x86_64 0.0.3 OK
r-release-linux-x86_64 0.0.3 13.65 211.04 224.69 OK
r-release-macos-arm64 0.0.3 104.00 OK
r-release-macos-x86_64 0.0.3 149.00 OK
r-release-windows-x86_64 0.0.3 18.00 212.00 230.00 OK
r-oldrel-macos-arm64 0.0.3 56.00 NOTE
r-oldrel-macos-x86_64 0.0.3 81.00 NOTE
r-oldrel-windows-x86_64 0.0.3 19.00 218.00 237.00 OK

Check Details

Version: 0.0.3
Check: data for non-ASCII characters
Result: NOTE
     Note: found 551 marked UTF-8 strings
Flavors: r-devel-linux-x86_64-fedora-clang, r-devel-linux-x86_64-fedora-gcc, r-oldrel-macos-arm64, r-oldrel-macos-x86_64