CRAN Package Check Results for Package tableHTML

Last updated on 2022-12-03 07:56:48 CET.

Flavor Version Tinstall Tcheck Ttotal Status Flags
r-devel-linux-x86_64-debian-clang 2.1.0 7.40 67.98 75.38 NOTE
r-devel-linux-x86_64-debian-gcc 2.1.0 4.70 53.01 57.71 NOTE
r-devel-linux-x86_64-fedora-clang 2.1.0 105.97 NOTE
r-devel-linux-x86_64-fedora-gcc 2.1.0 116.17 NOTE
r-devel-windows-x86_64 2.1.0 35.00 113.00 148.00 NOTE
r-patched-linux-x86_64 2.1.0 7.22 64.25 71.47 NOTE
r-release-linux-x86_64 2.1.0 6.45 63.90 70.35 NOTE
r-release-macos-arm64 2.1.0 33.00 NOTE
r-release-macos-x86_64 2.1.0 62.00 NOTE
r-release-windows-x86_64 2.1.0 47.00 112.00 159.00 NOTE
r-oldrel-macos-arm64 2.1.0 32.00 NOTE
r-oldrel-macos-x86_64 2.1.0 61.00 NOTE
r-oldrel-windows-ix86+x86_64 2.1.0 14.00 112.00 126.00 NOTE

Check Details

Version: 2.1.0
Check: LazyData
Result: NOTE
     'LazyData' is specified without a 'data' directory
Flavors: r-devel-linux-x86_64-debian-clang, r-devel-linux-x86_64-debian-gcc, r-devel-linux-x86_64-fedora-clang, r-devel-linux-x86_64-fedora-gcc, r-devel-windows-x86_64, r-patched-linux-x86_64, r-release-linux-x86_64, r-release-macos-arm64, r-release-macos-x86_64, r-release-windows-x86_64, r-oldrel-macos-arm64, r-oldrel-macos-x86_64, r-oldrel-windows-ix86+x86_64

Version: 2.1.0
Check: installed package size
Result: NOTE
     installed size is 6.2Mb
     sub-directories of 1Mb or more:
     doc 5.9Mb
Flavors: r-devel-linux-x86_64-fedora-clang, r-devel-windows-x86_64, r-release-macos-arm64, r-release-macos-x86_64, r-release-windows-x86_64, r-oldrel-macos-arm64, r-oldrel-macos-x86_64, r-oldrel-windows-ix86+x86_64

Version: 2.1.0
Check: dependencies in R code
Result: NOTE
    Namespace in Imports field not imported from: ‘shiny’
     All declared Imports should be used.
Flavors: r-devel-linux-x86_64-fedora-clang, r-devel-linux-x86_64-fedora-gcc, r-release-macos-arm64, r-release-macos-x86_64, r-oldrel-macos-arm64, r-oldrel-macos-x86_64