Last updated on 2023-06-08 08:55:36 CEST.
Flavor | Version | Tinstall | Tcheck | Ttotal | Status | Flags |
---|---|---|---|---|---|---|
r-devel-linux-x86_64-debian-clang | 0.5.1 | 5.55 | 242.02 | 247.57 | OK | |
r-devel-linux-x86_64-debian-gcc | 0.5.1 | 4.75 | 162.23 | 166.98 | OK | |
r-devel-linux-x86_64-fedora-clang | 0.5.1 | 305.83 | NOTE | |||
r-devel-linux-x86_64-fedora-gcc | 0.5.1 | 310.64 | NOTE | |||
r-devel-windows-x86_64 | 0.5.1 | 6.00 | 152.00 | 158.00 | OK | |
r-patched-linux-x86_64 | 0.5.1 | 7.42 | 243.19 | 250.61 | OK | |
r-release-linux-x86_64 | 0.5.1 | 5.46 | 241.94 | 247.40 | OK | |
r-release-macos-arm64 | 0.5.1 | 103.00 | OK | |||
r-release-macos-x86_64 | 0.5.0 | 167.00 | OK | |||
r-release-windows-x86_64 | 0.5.1 | 8.00 | 221.00 | 229.00 | OK | |
r-oldrel-macos-arm64 | 0.5.1 | 70.00 | OK | |||
r-oldrel-macos-x86_64 | 0.5.1 | 118.00 | OK | |||
r-oldrel-windows-x86_64 | 0.5.1 | 8.00 | 234.00 | 242.00 | OK |
Version: 0.5.1
Check: data for non-ASCII characters
Result: NOTE
Note: found 12 marked UTF-8 strings
Flavors: r-devel-linux-x86_64-fedora-clang, r-devel-linux-x86_64-fedora-gcc