CRAN Package Check Results for Package survivalsvm

Last updated on 2022-12-07 19:53:14 CET.

Flavor Version Tinstall Tcheck Ttotal Status Flags
r-devel-linux-x86_64-debian-clang 0.0.5 9.45 94.21 103.66 OK
r-devel-linux-x86_64-debian-gcc 0.0.5 8.42 71.47 79.89 OK
r-devel-linux-x86_64-fedora-clang 0.0.5 142.06 NOTE
r-devel-linux-x86_64-fedora-gcc 0.0.5 139.07 NOTE
r-devel-windows-x86_64 0.0.5 100.00 138.00 238.00 OK
r-patched-linux-x86_64 0.0.5 19.15 83.23 102.38 OK
r-release-linux-x86_64 0.0.5 8.80 84.19 92.99 OK
r-release-macos-arm64 0.0.5 37.00 NOTE
r-release-macos-x86_64 0.0.5 60.00 NOTE
r-release-windows-x86_64 0.0.5 110.00 117.00 227.00 OK
r-oldrel-macos-arm64 0.0.5 43.00 NOTE
r-oldrel-macos-x86_64 0.0.5 64.00 NOTE
r-oldrel-windows-ix86+x86_64 0.0.5 22.00 107.00 129.00 OK

Check Details

Version: 0.0.5
Check: dependencies in R code
Result: NOTE
    Namespace in Imports field not imported from: ‘quadprog’
     All declared Imports should be used.
Flavors: r-devel-linux-x86_64-fedora-clang, r-devel-linux-x86_64-fedora-gcc, r-release-macos-arm64, r-release-macos-x86_64, r-oldrel-macos-arm64, r-oldrel-macos-x86_64