CRAN Package Check Results for Package surveillance

Last updated on 2025-01-18 19:49:21 CET.

Flavor Version Tinstall Tcheck Ttotal Status Flags
r-devel-linux-x86_64-debian-clang 1.24.1 44.63 443.52 488.15 OK
r-devel-linux-x86_64-debian-gcc 1.24.1 26.04 299.59 325.63 OK
r-devel-linux-x86_64-fedora-clang 1.24.1 612.18 OK
r-devel-linux-x86_64-fedora-gcc 1.24.1 804.07 OK
r-devel-windows-x86_64 1.24.1 49.00 362.00 411.00 OK --no-vignettes
r-patched-linux-x86_64 1.24.1 48.01 421.31 469.32 NOTE
r-release-linux-x86_64 1.24.1 38.37 420.24 458.61 NOTE
r-release-macos-arm64 1.24.1 241.00 NOTE
r-release-macos-x86_64 1.24.1 425.00 NOTE
r-release-windows-x86_64 1.24.1 45.00 310.00 355.00 NOTE --no-vignettes
r-oldrel-macos-arm64 1.24.1 234.00 NOTE
r-oldrel-macos-x86_64 1.24.1 441.00 NOTE
r-oldrel-windows-x86_64 1.24.1 56.00 323.00 379.00 NOTE --no-vignettes

Check Details

Version: 1.24.1
Check: package dependencies
Result: NOTE Package suggested but not available for checking: ‘INLA’ Flavors: r-patched-linux-x86_64, r-release-linux-x86_64, r-release-macos-arm64, r-release-macos-x86_64, r-oldrel-macos-arm64, r-oldrel-macos-x86_64

Version: 1.24.1
Check: installed package size
Result: NOTE installed size is 7.0Mb sub-directories of 1Mb or more: R 2.1Mb doc 2.3Mb Flavors: r-release-macos-arm64, r-release-macos-x86_64, r-oldrel-macos-arm64, r-oldrel-macos-x86_64

Version: 1.24.1
Flags: --no-vignettes
Check: installed package size
Result: NOTE installed size is 6.5Mb sub-directories of 1Mb or more: R 1.7Mb doc 2.3Mb Flavors: r-release-windows-x86_64, r-oldrel-windows-x86_64

Version: 1.24.1
Flags: --no-vignettes
Check: package dependencies
Result: NOTE Package suggested but not available for checking: 'INLA' Flavor: r-oldrel-windows-x86_64