CRAN Package Check Results for Package survHE

Last updated on 2022-12-06 07:54:27 CET.

Flavor Version Tinstall Tcheck Ttotal Status Flags
r-devel-linux-x86_64-debian-clang 1.1.2 1131.07 261.86 1392.93 NOTE
r-devel-linux-x86_64-debian-gcc 1.1.2 1051.42 253.27 1304.69 NOTE
r-devel-linux-x86_64-fedora-clang 1.1.2 1795.32 NOTE
r-devel-linux-x86_64-fedora-gcc 1.1.2 2226.62 NOTE
r-devel-windows-x86_64 1.1.2 1194.00 386.00 1580.00 NOTE
r-patched-linux-x86_64 1.1.2 998.57 317.34 1315.91 NOTE
r-release-linux-x86_64 1.1.2 971.00 312.38 1283.38 NOTE
r-release-macos-arm64 1.1.2 493.00 NOTE
r-release-macos-x86_64 1.1.2 790.00 NOTE
r-release-windows-x86_64 1.1.2 745.00 366.00 1111.00 NOTE
r-oldrel-macos-arm64 1.1.2 533.00 NOTE
r-oldrel-macos-x86_64 1.1.2 884.00 NOTE
r-oldrel-windows-ix86+x86_64 1.1.2 2626.00 463.00 3089.00 NOTE

Check Details

Version: 1.1.2
Check: package dependencies
Result: NOTE
    Package suggested but not available for checking: 'INLA'
Flavors: r-devel-linux-x86_64-debian-clang, r-devel-linux-x86_64-debian-gcc, r-devel-windows-x86_64, r-patched-linux-x86_64, r-release-linux-x86_64, r-release-macos-arm64, r-release-macos-x86_64, r-release-windows-x86_64, r-oldrel-macos-arm64, r-oldrel-macos-x86_64

Version: 1.1.2
Check: for GNU extensions in Makefiles
Result: NOTE
    GNU make is a SystemRequirements.
Flavors: r-devel-linux-x86_64-debian-clang, r-devel-linux-x86_64-debian-gcc, r-devel-linux-x86_64-fedora-clang, r-devel-linux-x86_64-fedora-gcc, r-devel-windows-x86_64, r-patched-linux-x86_64, r-release-linux-x86_64, r-release-macos-arm64, r-release-macos-x86_64, r-release-windows-x86_64, r-oldrel-macos-arm64, r-oldrel-macos-x86_64, r-oldrel-windows-ix86+x86_64

Version: 1.1.2
Check: installed package size
Result: NOTE
     installed size is 11.4Mb
     sub-directories of 1Mb or more:
     libs 10.4Mb
Flavors: r-devel-linux-x86_64-fedora-clang, r-devel-windows-x86_64, r-release-macos-arm64, r-release-macos-x86_64, r-release-windows-x86_64, r-oldrel-macos-arm64, r-oldrel-macos-x86_64, r-oldrel-windows-ix86+x86_64