Last updated on 2023-05-30 09:00:49 CEST.
Flavor | Version | Tinstall | Tcheck | Ttotal | Status | Flags |
---|---|---|---|---|---|---|
r-devel-linux-x86_64-debian-clang | 1.7.12 | 156.28 | 73.89 | 230.17 | NOTE | |
r-devel-linux-x86_64-debian-gcc | 1.7.12 | 111.02 | 55.96 | 166.98 | NOTE | |
r-devel-linux-x86_64-fedora-clang | 1.7.12 | 409.25 | NOTE | |||
r-devel-linux-x86_64-fedora-gcc | 1.7.12 | 314.63 | NOTE | |||
r-devel-windows-x86_64 | 1.7.12 | 652.00 | 163.00 | 815.00 | NOTE | |
r-patched-linux-x86_64 | 1.7.12 | 131.72 | 70.64 | 202.36 | NOTE | |
r-release-linux-x86_64 | 1.7.12 | 128.61 | 70.95 | 199.56 | NOTE | |
r-release-macos-arm64 | 1.7.12 | 100.00 | NOTE | |||
r-release-macos-x86_64 | 1.7.12 | 157.00 | NOTE | |||
r-release-windows-x86_64 | 1.7.12 | 692.00 | 211.00 | 903.00 | NOTE | |
r-oldrel-macos-arm64 | 1.7.12 | 91.00 | NOTE | |||
r-oldrel-macos-x86_64 | 1.7.12 | 128.00 | NOTE | |||
r-oldrel-windows-x86_64 | 1.7.12 | 647.00 | 157.00 | 804.00 | NOTE |
Version: 1.7.12
Check: C++ specification
Result: NOTE
Specified C++11: please drop specification unless essential
Flavors: r-devel-linux-x86_64-debian-clang, r-devel-linux-x86_64-debian-gcc, r-devel-linux-x86_64-fedora-clang, r-devel-linux-x86_64-fedora-gcc, r-devel-windows-x86_64, r-patched-linux-x86_64, r-release-linux-x86_64, r-release-macos-arm64, r-release-macos-x86_64, r-release-windows-x86_64
Version: 1.7.12
Check: installed package size
Result: NOTE
installed size is 33.2Mb
sub-directories of 1Mb or more:
libs 32.4Mb
Flavors: r-devel-windows-x86_64, r-release-macos-arm64, r-release-macos-x86_64, r-release-windows-x86_64, r-oldrel-macos-arm64, r-oldrel-macos-x86_64, r-oldrel-windows-x86_64