CRAN Package Check Results for Package sticky

Last updated on 2023-06-03 20:53:21 CEST.

Flavor Version Tinstall Tcheck Ttotal Status Flags
r-devel-linux-x86_64-debian-clang 0.5.6.1 2.22 28.16 30.38 NOTE
r-devel-linux-x86_64-debian-gcc 0.5.6.1 1.54 22.33 23.87 NOTE
r-devel-linux-x86_64-fedora-clang 0.5.6.1 41.42 NOTE
r-devel-linux-x86_64-fedora-gcc 0.5.6.1 48.64 NOTE
r-devel-windows-x86_64 0.5.6.1 3.00 45.00 48.00 NOTE
r-patched-linux-x86_64 0.5.6.1 NOTE
r-release-linux-x86_64 0.5.6.1 2.00 27.42 29.42 NOTE
r-release-macos-arm64 0.5.6.1 23.00 NOTE
r-release-macos-x86_64 0.5.6.1 34.00 NOTE
r-release-windows-x86_64 0.5.6.1 4.00 46.00 50.00 NOTE
r-oldrel-macos-arm64 0.5.6.1 21.00 NOTE
r-oldrel-macos-x86_64 0.5.6.1 27.00 NOTE
r-oldrel-windows-x86_64 0.5.6.1 4.00 50.00 54.00 NOTE

Check Details

Version: 0.5.6.1
Check: LazyData
Result: NOTE
     'LazyData' is specified without a 'data' directory
Flavors: r-devel-linux-x86_64-debian-clang, r-devel-linux-x86_64-debian-gcc, r-devel-linux-x86_64-fedora-clang, r-devel-linux-x86_64-fedora-gcc, r-devel-windows-x86_64, r-patched-linux-x86_64, r-release-linux-x86_64, r-release-macos-arm64, r-release-macos-x86_64, r-release-windows-x86_64, r-oldrel-macos-arm64, r-oldrel-macos-x86_64, r-oldrel-windows-x86_64