CRAN Package Check Results for Package sticky

Last updated on 2024-04-18 08:54:50 CEST.

Flavor Version Tinstall Tcheck Ttotal Status Flags
r-devel-linux-x86_64-debian-clang 0.5.6.1 1.91 31.71 33.62 NOTE
r-devel-linux-x86_64-debian-gcc 0.5.6.1 1.70 24.36 26.06 NOTE
r-devel-linux-x86_64-fedora-clang 0.5.6.1 44.39 NOTE
r-devel-linux-x86_64-fedora-gcc 0.5.6.1 54.87 NOTE
r-prerel-macos-arm64 0.5.6.1 23.00 NOTE
r-prerel-windows-x86_64 0.5.6.1 3.00 46.00 49.00 NOTE
r-patched-linux-x86_64 0.5.6.1 2.23 29.87 32.10 NOTE
r-release-linux-x86_64 0.5.6.1 1.66 28.80 30.46 NOTE
r-release-macos-arm64 0.5.6.1 23.00 NOTE
r-release-macos-x86_64 0.5.6.1 34.00 NOTE
r-release-windows-x86_64 0.5.6.1 3.00 47.00 50.00 NOTE
r-oldrel-macos-arm64 0.5.6.1 21.00 NOTE
r-oldrel-windows-x86_64 0.5.6.1 4.00 53.00 57.00 NOTE

Check Details

Version: 0.5.6.1
Check: LazyData
Result: NOTE 'LazyData' is specified without a 'data' directory Flavors: r-devel-linux-x86_64-debian-clang, r-devel-linux-x86_64-debian-gcc, r-devel-linux-x86_64-fedora-clang, r-devel-linux-x86_64-fedora-gcc, r-prerel-macos-arm64, r-prerel-windows-x86_64, r-patched-linux-x86_64, r-release-linux-x86_64, r-release-macos-arm64, r-release-macos-x86_64, r-release-windows-x86_64, r-oldrel-macos-arm64, r-oldrel-windows-x86_64