Last updated on 2023-04-01 08:55:55 CEST.
Flavor | Version | Tinstall | Tcheck | Ttotal | Status | Flags |
---|---|---|---|---|---|---|
r-devel-linux-x86_64-debian-clang | 0.6.9 | 8.38 | 104.05 | 112.43 | OK | |
r-devel-linux-x86_64-debian-gcc | 0.6.9 | 5.01 | 76.06 | 81.07 | OK | |
r-devel-linux-x86_64-fedora-clang | 0.6.9 | 134.88 | OK | |||
r-devel-linux-x86_64-fedora-gcc | 0.6.9 | 140.41 | OK | |||
r-patched-linux-x86_64 | 0.6.9 | 7.07 | 99.49 | 106.56 | OK | |
r-release-linux-x86_64 | 0.6.9 | 7.90 | 96.43 | 104.33 | OK | |
r-release-macos-arm64 | 0.6.9 | 37.00 | OK | |||
r-release-macos-x86_64 | 0.6.9 | 53.00 | OK | |||
r-release-windows-x86_64 | 0.6.9 | 51.00 | 139.00 | 190.00 | OK | |
r-oldrel-macos-arm64 | 0.6.9 | 47.00 | WARN | |||
r-oldrel-macos-x86_64 | 0.6.9 | 59.00 | WARN | |||
r-oldrel-windows-ix86+x86_64 | 0.6.9 | 13.00 | 132.00 | 145.00 | WARN |
Version: 0.6.9
Check: for code/documentation mismatches
Result: WARN
Data codoc mismatches from documentation object 'SLCS':
Variables in data frame 'SLCS'
Code: SLCS_1 SLCS_10 SLCS_11 SLCS_12 SLCS_13 SLCS_14 SLCS_15 SLCS_16
SLCS_2 SLCS_3 SLCS_4 SLCS_5 SLCS_6 SLCS_7 SLCS_8 SLCS_9 age sex
user_id
Docs: SLCS_11 SLCS_1 SLCS_10 SLCS_12 SLCS_13 SLCS_14 SLCS_15 SLCS_16
SLCS_2 SLCS_3 SLCS_4 SLCS_5 SLCS_6 SLCS_7 SLCS_8 SLCS_9 age sex
user_id
Flavors: r-oldrel-macos-arm64, r-oldrel-macos-x86_64, r-oldrel-windows-ix86+x86_64