Last updated on 2023-09-24 08:58:31 CEST.
Flavor | Version | Tinstall | Tcheck | Ttotal | Status | Flags |
---|---|---|---|---|---|---|
r-devel-linux-x86_64-debian-clang | 1.0.6.1 | 16.31 | 516.28 | 532.59 | NOTE | |
r-devel-linux-x86_64-debian-gcc | 1.0.6.1 | 14.36 | 378.69 | 393.05 | NOTE | |
r-devel-linux-x86_64-fedora-clang | 1.0.6.1 | 599.18 | NOTE | |||
r-devel-linux-x86_64-fedora-gcc | 1.0.6.1 | 641.87 | NOTE | |||
r-devel-windows-x86_64 | 1.0.6.1 | 18.00 | 380.00 | 398.00 | NOTE | |
r-patched-linux-x86_64 | 1.0.6.1 | 13.06 | 491.76 | 504.82 | NOTE | |
r-release-linux-x86_64 | 1.0.6.1 | 11.96 | 487.28 | 499.24 | NOTE | |
r-release-macos-arm64 | 1.0.6.1 | 109.00 | NOTE | |||
r-release-macos-x86_64 | 1.0.6.1 | 275.00 | NOTE | |||
r-release-windows-x86_64 | 1.0.6.1 | 23.00 | 492.00 | 515.00 | NOTE | |
r-oldrel-macos-arm64 | 1.0.6.1 | 120.00 | NOTE | |||
r-oldrel-macos-x86_64 | 1.0.6.1 | 260.00 | NOTE | |||
r-oldrel-windows-x86_64 | 1.0.6.1 | 23.00 | 512.00 | 535.00 | NOTE |
Version: 1.0.6.1
Check: package dependencies
Result: NOTE
Package suggested but not available for checking: ‘asreml’
Flavors: r-devel-linux-x86_64-debian-clang, r-devel-linux-x86_64-debian-gcc, r-devel-linux-x86_64-fedora-clang, r-devel-linux-x86_64-fedora-gcc, r-devel-windows-x86_64, r-patched-linux-x86_64, r-release-linux-x86_64, r-release-macos-arm64, r-release-macos-x86_64, r-release-windows-x86_64, r-oldrel-macos-arm64, r-oldrel-macos-x86_64, r-oldrel-windows-x86_64
Version: 1.0.6.1
Check: installed package size
Result: NOTE
installed size is 5.0Mb
sub-directories of 1Mb or more:
data 3.5Mb
Flavors: r-devel-linux-x86_64-fedora-clang, r-release-macos-arm64, r-release-macos-x86_64, r-oldrel-macos-arm64