CRAN Package Check Results for Package starticles

Last updated on 2022-12-05 07:53:55 CET.

Flavor Version Tinstall Tcheck Ttotal Status Flags
r-devel-linux-x86_64-debian-clang 0.1.0 2.08 32.74 34.82 OK
r-devel-linux-x86_64-debian-gcc 0.1.0 1.57 26.82 28.39 OK
r-devel-linux-x86_64-fedora-clang 0.1.0 55.14 NOTE
r-devel-linux-x86_64-fedora-gcc 0.1.0 53.89 NOTE
r-devel-windows-x86_64 0.1.0 36.00 55.00 91.00 OK
r-patched-linux-x86_64 0.1.0 2.05 32.84 34.89 OK
r-release-linux-x86_64 0.1.0 1.99 32.73 34.72 OK
r-release-macos-arm64 0.1.0 18.00 NOTE
r-release-macos-x86_64 0.1.0 28.00 NOTE
r-release-windows-x86_64 0.1.0 32.00 55.00 87.00 OK
r-oldrel-macos-arm64 0.1.0 16.00 NOTE
r-oldrel-macos-x86_64 0.1.0 26.00 NOTE
r-oldrel-windows-ix86+x86_64 0.1.0 6.00 64.00 70.00 OK

Check Details

Version: 0.1.0
Check: dependencies in R code
Result: NOTE
    Namespaces in Imports field not imported from:
     ‘bookdown’ ‘knitr’ ‘rmarkdown’
     All declared Imports should be used.
Flavors: r-devel-linux-x86_64-fedora-clang, r-devel-linux-x86_64-fedora-gcc, r-release-macos-arm64, r-release-macos-x86_64, r-oldrel-macos-arm64, r-oldrel-macos-x86_64