CRAN Package Check Results for Package stabiliser

Last updated on 2022-08-07 20:52:27 CEST.

Flavor Version Tinstall Tcheck Ttotal Status Flags
r-devel-linux-x86_64-debian-clang 1.0.2 20.81 469.42 490.23 NOTE
r-devel-linux-x86_64-debian-gcc 1.0.2 17.45 347.42 364.87 NOTE
r-devel-linux-x86_64-fedora-clang 1.0.2 569.45 NOTE
r-devel-linux-x86_64-fedora-gcc 1.0.2 583.24 NOTE
r-devel-windows-x86_64 1.0.2 47.00 520.00 567.00 NOTE
r-patched-linux-x86_64 1.0.2 19.56 441.86 461.42 OK
r-release-linux-x86_64 1.0.2 17.08 453.83 470.91 OK
r-release-macos-arm64 1.0.2 174.00 NOTE
r-release-macos-x86_64 1.0.2 199.00 NOTE
r-release-windows-x86_64 1.0.2 39.00 537.00 576.00 OK
r-oldrel-macos-arm64 1.0.2 178.00 NOTE
r-oldrel-macos-x86_64 1.0.2 185.00 NOTE
r-oldrel-windows-ix86+x86_64 1.0.2 48.00 507.00 555.00 OK

Check Details

Version: 1.0.2
Check: package subdirectories
Result: NOTE
    Problems with news in 'NEWS.md':
     Cannot extract version info from the following section titles:
     Major changes
     Bug fixes
Flavors: r-devel-linux-x86_64-debian-clang, r-devel-linux-x86_64-debian-gcc, r-devel-linux-x86_64-fedora-clang, r-devel-linux-x86_64-fedora-gcc, r-devel-windows-x86_64

Version: 1.0.2
Check: dependencies in R code
Result: NOTE
    Namespace in Imports field not imported from: ‘knitr’
     All declared Imports should be used.
Flavors: r-devel-linux-x86_64-fedora-clang, r-devel-linux-x86_64-fedora-gcc, r-release-macos-arm64, r-release-macos-x86_64, r-oldrel-macos-arm64, r-oldrel-macos-x86_64