CRAN Package Check Results for Package staRdom

Last updated on 2022-12-03 19:53:03 CET.

Flavor Version Tinstall Tcheck Ttotal Status Flags
r-devel-linux-x86_64-debian-clang 1.1.25 20.98 302.51 323.49 OK
r-devel-linux-x86_64-debian-gcc 1.1.25 16.74 219.13 235.87 OK
r-devel-linux-x86_64-fedora-clang 1.1.25 403.36 OK
r-devel-linux-x86_64-fedora-gcc 1.1.25 411.38 OK
r-devel-windows-x86_64 1.1.25 83.00 442.00 525.00 OK
r-patched-linux-x86_64 1.1.25 23.53 274.42 297.95 OK
r-release-linux-x86_64 1.1.25 20.31 281.03 301.34 OK
r-release-macos-arm64 1.1.25 126.00 OK
r-release-macos-x86_64 1.1.25 257.00 NOTE
r-release-windows-x86_64 1.1.25 95.00 420.00 515.00 OK
r-oldrel-macos-arm64 1.1.25 117.00 OK
r-oldrel-macos-x86_64 1.1.25 181.00 OK
r-oldrel-windows-ix86+x86_64 1.1.25 45.00 405.00 450.00 OK

Check Details

Version: 1.1.25
Check: package dependencies
Result: NOTE
    Package suggested but not available for checking: ‘xlsx’
Flavor: r-release-macos-x86_64