CRAN Package Check Results for Package ssMousetrack

Last updated on 2022-11-16 08:03:06 CET.

Flavor Version Tinstall Tcheck Ttotal Status Flags
r-devel-linux-x86_64-debian-clang 1.1.5 NOTE
r-devel-linux-x86_64-debian-gcc 1.1.5 445.15 112.00 557.15 NOTE
r-devel-linux-x86_64-fedora-clang 1.1.5 806.05 NOTE
r-devel-linux-x86_64-fedora-gcc 1.1.5 937.71 NOTE
r-devel-windows-x86_64 1.1.5 326.00 220.00 546.00 NOTE
r-patched-linux-x86_64 1.1.5 424.91 137.97 562.88 NOTE
r-release-linux-x86_64 1.1.5 372.54 140.05 512.59 NOTE
r-release-macos-arm64 1.1.5 226.00 NOTE
r-release-macos-x86_64 1.1.5 346.00 NOTE
r-release-windows-x86_64 1.1.5 761.00 202.00 963.00 NOTE
r-oldrel-macos-arm64 1.1.5 251.00 NOTE
r-oldrel-macos-x86_64 1.1.5 434.00 NOTE
r-oldrel-windows-ix86+x86_64 1.1.5 1079.00 234.00 1313.00 NOTE

Check Details

Version: 1.1.5
Check: for GNU extensions in Makefiles
Result: NOTE
    GNU make is a SystemRequirements.
Flavors: r-devel-linux-x86_64-debian-clang, r-devel-linux-x86_64-debian-gcc, r-devel-linux-x86_64-fedora-clang, r-devel-linux-x86_64-fedora-gcc, r-devel-windows-x86_64, r-patched-linux-x86_64, r-release-linux-x86_64, r-release-macos-arm64, r-release-macos-x86_64, r-release-windows-x86_64, r-oldrel-macos-arm64, r-oldrel-macos-x86_64, r-oldrel-windows-ix86+x86_64

Version: 1.1.5
Check: installed package size
Result: NOTE
     installed size is 6.1Mb
     sub-directories of 1Mb or more:
     libs 5.7Mb
Flavors: r-devel-linux-x86_64-fedora-clang, r-release-macos-arm64, r-release-macos-x86_64, r-oldrel-macos-arm64, r-oldrel-macos-x86_64, r-oldrel-windows-ix86+x86_64