CRAN Package Check Results for Package ssMousetrack

Last updated on 2023-12-01 07:50:21 CET.

Flavor Version Tinstall Tcheck Ttotal Status Flags
r-devel-linux-x86_64-debian-clang 1.1.6 979.13 175.45 1154.58 NOTE
r-devel-linux-x86_64-debian-gcc 1.1.6 739.33 170.49 909.82 NOTE
r-devel-linux-x86_64-fedora-clang 1.1.6 1360.42 NOTE
r-devel-linux-x86_64-fedora-gcc 1.1.6 1760.91 NOTE
r-devel-windows-x86_64 1.1.6 654.00 192.00 846.00 NOTE
r-patched-linux-x86_64 1.1.6 624.23 218.82 843.05 NOTE
r-release-linux-x86_64 1.1.6 660.42 216.16 876.58 NOTE
r-release-macos-arm64 1.1.6 359.00 NOTE
r-release-macos-x86_64 1.1.6 584.00 NOTE
r-release-windows-x86_64 1.1.6 839.00 253.00 1092.00 NOTE
r-oldrel-macos-arm64 1.1.6 318.00 NOTE
r-oldrel-macos-x86_64 1.1.6 399.00 NOTE
r-oldrel-windows-x86_64 1.1.6 795.00 225.00 1020.00 NOTE

Check Details

Version: 1.1.6
Check: for GNU extensions in Makefiles
Result: NOTE GNU make is a SystemRequirements. Flavors: r-devel-linux-x86_64-debian-clang, r-devel-linux-x86_64-debian-gcc, r-devel-linux-x86_64-fedora-clang, r-devel-linux-x86_64-fedora-gcc, r-devel-windows-x86_64, r-patched-linux-x86_64, r-release-linux-x86_64, r-release-macos-arm64, r-release-macos-x86_64, r-release-windows-x86_64, r-oldrel-macos-arm64, r-oldrel-macos-x86_64, r-oldrel-windows-x86_64

Version: 1.1.6
Check: installed package size
Result: NOTE installed size is 9.0Mb sub-directories of 1Mb or more: libs 8.5Mb Flavors: r-devel-linux-x86_64-fedora-clang, r-devel-windows-x86_64, r-release-macos-arm64, r-release-macos-x86_64, r-release-windows-x86_64, r-oldrel-macos-arm64, r-oldrel-macos-x86_64, r-oldrel-windows-x86_64