Last updated on 2023-12-01 07:50:21 CET.
Flavor | Version | Tinstall | Tcheck | Ttotal | Status | Flags |
---|---|---|---|---|---|---|
r-devel-linux-x86_64-debian-clang | 1.0.3 | 22.69 | 179.44 | 202.13 | OK | |
r-devel-linux-x86_64-debian-gcc | 1.0.3 | 16.71 | 132.58 | 149.29 | OK | |
r-devel-linux-x86_64-fedora-clang | 1.0.3 | 247.75 | NOTE | |||
r-devel-linux-x86_64-fedora-gcc | 1.0.3 | 247.32 | OK | |||
r-devel-windows-x86_64 | 1.0.3 | 19.00 | 160.00 | 179.00 | OK | |
r-patched-linux-x86_64 | 1.0.3 | 15.45 | 172.24 | 187.69 | OK | |
r-release-linux-x86_64 | 1.0.3 | 12.85 | 170.56 | 183.41 | OK | |
r-release-macos-arm64 | 1.0.3 | 85.00 | OK | |||
r-release-macos-x86_64 | 1.0.3 | 126.00 | OK | |||
r-release-windows-x86_64 | 1.0.3 | 25.00 | 196.00 | 221.00 | OK | |
r-oldrel-macos-arm64 | 1.0.3 | 77.00 | OK | |||
r-oldrel-macos-x86_64 | 1.0.3 | 132.00 | OK | |||
r-oldrel-windows-x86_64 | 1.0.3 | 25.00 | 188.00 | 213.00 | OK |
Version: 1.0.3
Check: Rd cross-references
Result: NOTE
Undeclared package ‘plyr’ in Rd xrefs
Flavor: r-devel-linux-x86_64-fedora-clang