CRAN Package Check Results for Package ss3sim

Last updated on 2022-12-03 07:56:48 CET.

Flavor Version Tinstall Tcheck Ttotal Status Flags
r-devel-linux-x86_64-debian-clang 1.0.3 22.15 190.91 213.06 OK
r-devel-linux-x86_64-debian-gcc 1.0.3 15.81 141.36 157.17 OK
r-devel-linux-x86_64-fedora-clang 1.0.3 286.82 NOTE
r-devel-linux-x86_64-fedora-gcc 1.0.3 282.84 OK
r-devel-windows-x86_64 1.0.3 68.00 241.00 309.00 OK
r-patched-linux-x86_64 1.0.3 22.01 173.54 195.55 OK
r-release-linux-x86_64 1.0.3 15.96 173.55 189.51 OK
r-release-macos-arm64 1.0.3 77.00 OK
r-release-macos-x86_64 1.0.3 132.00 OK
r-release-windows-x86_64 1.0.3 45.00 238.00 283.00 OK
r-oldrel-macos-arm64 1.0.3 92.00 OK
r-oldrel-macos-x86_64 1.0.3 132.00 OK
r-oldrel-windows-ix86+x86_64 1.0.3 45.00 228.00 273.00 OK

Check Details

Version: 1.0.3
Check: Rd cross-references
Result: NOTE
    Undeclared package ‘plyr’ in Rd xrefs
Flavor: r-devel-linux-x86_64-fedora-clang