CRAN Package Check Results for Package sqliteutils

Last updated on 2023-09-22 20:52:07 CEST.

Flavor Version Tinstall Tcheck Ttotal Status Flags
r-devel-linux-x86_64-debian-clang 0.1.0 1.97 25.93 27.90 OK
r-devel-linux-x86_64-debian-gcc 0.1.0 1.63 19.95 21.58 OK
r-devel-linux-x86_64-fedora-clang 0.1.0 35.43 NOTE
r-devel-linux-x86_64-fedora-gcc 0.1.0 33.83 NOTE
r-devel-windows-x86_64 0.1.0 5.00 44.00 49.00 OK
r-patched-linux-x86_64 0.1.0 1.52 24.99 26.51 OK
r-release-linux-x86_64 0.1.0 1.35 25.25 26.60 OK
r-release-macos-arm64 0.1.0 19.00 OK
r-release-macos-x86_64 0.1.0 24.00 OK
r-release-windows-x86_64 0.1.0 5.00 42.00 47.00 OK
r-oldrel-macos-arm64 0.1.0 17.00 NOTE
r-oldrel-macos-x86_64 0.1.0 34.00 NOTE
r-oldrel-windows-x86_64 0.1.0 5.00 44.00 49.00 OK

Check Details

Version: 0.1.0
Check: dependencies in R code
Result: NOTE
    Namespaces in Imports field not imported from:
     ‘DBI’ ‘RSQLite’ ‘dbplyr’ ‘dplyr’
     All declared Imports should be used.
Flavors: r-devel-linux-x86_64-fedora-clang, r-devel-linux-x86_64-fedora-gcc, r-oldrel-macos-arm64, r-oldrel-macos-x86_64