CRAN Package Check Results for Package spm2

Last updated on 2022-11-28 06:50:24 CET.

Flavor Version Tinstall Tcheck Ttotal Status Flags
r-devel-linux-x86_64-debian-clang 1.1.2 6.90 54.09 60.99 OK
r-devel-linux-x86_64-debian-gcc 1.1.2 4.46 40.59 45.05 OK
r-devel-linux-x86_64-fedora-clang 1.1.2 83.98 NOTE
r-devel-linux-x86_64-fedora-gcc 1.1.2 87.31 NOTE
r-devel-windows-x86_64 1.1.2 14.00 87.00 101.00 OK
r-patched-linux-x86_64 1.1.2 7.26 48.29 55.55 OK
r-release-linux-x86_64 1.1.2 7.05 49.09 56.14 OK
r-release-macos-arm64 1.1.2 24.00 NOTE
r-release-macos-x86_64 1.1.2 37.00 NOTE
r-release-windows-x86_64 1.1.2 24.00 82.00 106.00 OK
r-oldrel-macos-arm64 1.1.2 20.00 NOTE
r-oldrel-macos-x86_64 1.1.2 30.00 NOTE
r-oldrel-windows-ix86+x86_64 1.1.2 13.00 75.00 88.00 OK

Additional issues

donttest

Check Details

Version: 1.1.2
Check: dependencies in R code
Result: NOTE
    Namespaces in Imports field not imported from:
     ‘MASS’ ‘psy’ ‘ranger’
     All declared Imports should be used.
Flavors: r-devel-linux-x86_64-fedora-clang, r-devel-linux-x86_64-fedora-gcc, r-release-macos-arm64, r-release-macos-x86_64, r-oldrel-macos-arm64, r-oldrel-macos-x86_64