CRAN Package Check Results for Package spiritR

Last updated on 2023-10-01 08:52:11 CEST.

Flavor Version Tinstall Tcheck Ttotal Status Flags
r-devel-linux-x86_64-debian-clang 0.1.1 2.76 27.81 30.57 NOTE
r-devel-linux-x86_64-debian-gcc 0.1.1 2.21 21.43 23.64 NOTE
r-devel-linux-x86_64-fedora-clang 0.1.1 38.10 NOTE
r-devel-linux-x86_64-fedora-gcc 0.1.1 49.04 NOTE
r-devel-windows-x86_64 0.1.1 4.00 47.00 51.00 NOTE
r-patched-linux-x86_64 0.1.1 2.91 26.78 29.69 NOTE
r-release-linux-x86_64 0.1.1 2.00 26.22 28.22 NOTE
r-release-macos-arm64 0.1.1 27.00 NOTE
r-release-macos-x86_64 0.1.1 35.00 NOTE
r-release-windows-x86_64 0.1.1 4.00 47.00 51.00 NOTE
r-oldrel-macos-arm64 0.1.1 16.00 NOTE
r-oldrel-macos-x86_64 0.1.1 24.00 NOTE
r-oldrel-windows-x86_64 0.1.1 5.00 48.00 53.00 NOTE

Check Details

Version: 0.1.1
Check: LazyData
Result: NOTE
     'LazyData' is specified without a 'data' directory
Flavors: r-devel-linux-x86_64-debian-clang, r-devel-linux-x86_64-debian-gcc, r-devel-linux-x86_64-fedora-clang, r-devel-linux-x86_64-fedora-gcc, r-devel-windows-x86_64, r-patched-linux-x86_64, r-release-linux-x86_64, r-release-macos-arm64, r-release-macos-x86_64, r-release-windows-x86_64, r-oldrel-macos-arm64, r-oldrel-macos-x86_64, r-oldrel-windows-x86_64