CRAN Package Check Results for Package spinifex

Last updated on 2022-12-05 07:53:54 CET.

Flavor Version Tinstall Tcheck Ttotal Status Flags
r-devel-linux-x86_64-debian-clang 0.3.6 9.13 342.81 351.94 NOTE
r-devel-linux-x86_64-debian-gcc 0.3.6 5.43 242.15 247.58 NOTE
r-devel-linux-x86_64-fedora-clang 0.3.6 440.51 NOTE
r-devel-linux-x86_64-fedora-gcc 0.3.6 423.83 NOTE
r-devel-windows-x86_64 0.3.6 50.00 386.00 436.00 NOTE
r-patched-linux-x86_64 0.3.6 6.09 309.43 315.52 OK
r-release-linux-x86_64 0.3.6 5.44 310.36 315.80 OK
r-release-macos-arm64 0.3.6 165.00 OK
r-release-macos-x86_64 0.3.6 212.00 OK
r-release-windows-x86_64 0.3.6 61.00 398.00 459.00 OK
r-oldrel-macos-arm64 0.3.6 136.00 OK
r-oldrel-macos-x86_64 0.3.6 143.00 OK
r-oldrel-windows-ix86+x86_64 0.3.6 25.00 393.00 418.00 OK

Check Details

Version: 0.3.6
Check: Rd files
Result: NOTE
    checkRd: (-1) PimaIndiansDiabetes_long.Rd:14: Escaped LaTeX specials: \^
    checkRd: (-1) PimaIndiansDiabetes_wide.Rd:16: Escaped LaTeX specials: \^
Flavors: r-devel-linux-x86_64-debian-clang, r-devel-linux-x86_64-debian-gcc, r-devel-linux-x86_64-fedora-clang, r-devel-linux-x86_64-fedora-gcc, r-devel-windows-x86_64