Last updated on 2023-03-28 08:55:03 CEST.
Flavor | Version | Tinstall | Tcheck | Ttotal | Status | Flags |
---|---|---|---|---|---|---|
r-devel-linux-x86_64-debian-clang | 0.5-3 | 19.37 | 283.38 | 302.75 | OK | |
r-devel-linux-x86_64-debian-gcc | 0.5-3 | 18.73 | 211.54 | 230.27 | OK | |
r-devel-linux-x86_64-fedora-clang | 0.5-3 | 380.19 | OK | |||
r-devel-linux-x86_64-fedora-gcc | 0.5-3 | 380.49 | OK | |||
r-patched-linux-x86_64 | 0.5-3 | 28.31 | 264.20 | 292.51 | OK | |
r-release-linux-x86_64 | 0.5-3 | 16.53 | 262.76 | 279.29 | OK | |
r-release-macos-arm64 | 0.5-3 | 95.00 | OK | |||
r-release-macos-x86_64 | 0.5-3 | 164.00 | OK | |||
r-release-windows-x86_64 | 0.5-3 | 84.00 | 307.00 | 391.00 | OK | |
r-oldrel-macos-arm64 | 0.5-3 | 114.00 | OK | |||
r-oldrel-macos-x86_64 | 0.5-3 | 171.00 | OK | |||
r-oldrel-windows-ix86+x86_64 | 0.5-3 | 48.00 | 316.00 | 364.00 | NOTE |
Version: 0.5-3
Check: R code for possible problems
Result: NOTE
Initiating curl with CURL_SSL_BACKEND: openssl
Flavor: r-oldrel-windows-ix86+x86_64