Last updated on 2023-03-28 08:55:03 CEST.
Flavor | Version | Tinstall | Tcheck | Ttotal | Status | Flags |
---|---|---|---|---|---|---|
r-devel-linux-x86_64-debian-clang | 0.6.0 | 8.73 | 97.14 | 105.87 | OK | |
r-devel-linux-x86_64-debian-gcc | 0.6.0 | 6.30 | 72.81 | 79.11 | OK | |
r-devel-linux-x86_64-fedora-clang | 0.6.0 | 127.16 | NOTE | |||
r-devel-linux-x86_64-fedora-gcc | 0.6.0 | 130.15 | OK | |||
r-patched-linux-x86_64 | 0.6.0 | 8.55 | 93.42 | 101.97 | OK | |
r-release-linux-x86_64 | 0.6.0 | 8.87 | 92.46 | 101.33 | OK | |
r-release-macos-arm64 | 0.6.0 | 47.00 | OK | |||
r-release-macos-x86_64 | 0.6.0 | 53.00 | OK | |||
r-release-windows-x86_64 | 0.6.0 | 35.00 | 122.00 | 157.00 | OK | |
r-oldrel-macos-arm64 | 0.6.0 | 42.00 | OK | |||
r-oldrel-macos-x86_64 | 0.6.0 | 54.00 | OK | |||
r-oldrel-windows-ix86+x86_64 | 0.6.0 | 19.00 | 124.00 | 143.00 | OK |
Version: 0.6.0
Check: Rd cross-references
Result: NOTE
Undeclared package ‘vctrs’ in Rd xrefs
Flavor: r-devel-linux-x86_64-fedora-clang