CRAN Package Check Results for Package spatialrisk

Last updated on 2022-12-02 19:49:51 CET.

Flavor Version Tinstall Tcheck Ttotal Status Flags
r-devel-linux-x86_64-debian-clang 0.7.0 61.10 384.86 445.96 OK
r-devel-linux-x86_64-debian-gcc 0.7.0 47.71 277.56 325.27 OK
r-devel-linux-x86_64-fedora-clang 0.7.0 574.19 NOTE
r-devel-linux-x86_64-fedora-gcc 0.7.0 568.13 NOTE
r-devel-windows-x86_64 0.7.0 85.00 412.00 497.00 NOTE
r-patched-linux-x86_64 0.7.0 51.15 357.97 409.12 OK
r-release-linux-x86_64 0.7.0 53.00 364.12 417.12 OK
r-release-macos-arm64 0.7.0 134.00 NOTE
r-release-macos-x86_64 0.7.0 225.00 NOTE
r-release-windows-x86_64 0.7.0 88.00 410.00 498.00 NOTE
r-oldrel-macos-arm64 0.7.0 131.00 NOTE
r-oldrel-macos-x86_64 0.7.0 173.00 NOTE
r-oldrel-windows-ix86+x86_64 0.7.0 137.00 560.00 697.00 NOTE

Check Details

Version: 0.7.0
Check: data for non-ASCII characters
Result: NOTE
     Note: found 283 marked UTF-8 strings
Flavors: r-devel-linux-x86_64-fedora-clang, r-devel-linux-x86_64-fedora-gcc, r-release-macos-arm64, r-release-macos-x86_64, r-oldrel-macos-arm64, r-oldrel-macos-x86_64

Version: 0.7.0
Check: installed package size
Result: NOTE
     installed size is 5.4Mb
     sub-directories of 1Mb or more:
     data 2.6Mb
     help 1.7Mb
     libs 1.0Mb
Flavors: r-devel-windows-x86_64, r-release-macos-arm64, r-release-macos-x86_64, r-release-windows-x86_64, r-oldrel-macos-arm64, r-oldrel-macos-x86_64, r-oldrel-windows-ix86+x86_64