CRAN Package Check Results for Package spaero

Last updated on 2022-11-16 08:03:06 CET.

Flavor Version Tinstall Tcheck Ttotal Status Flags
r-devel-linux-x86_64-debian-clang 0.6.0 NOTE
r-devel-linux-x86_64-debian-gcc 0.6.0 1.64 47.97 49.61 NOTE
r-devel-linux-x86_64-fedora-clang 0.6.0 95.39 NOTE
r-devel-linux-x86_64-fedora-gcc 0.6.0 105.79 NOTE
r-devel-windows-x86_64 0.6.0 10.00 126.00 136.00 NOTE
r-patched-linux-x86_64 0.6.0 2.07 62.43 64.50 NOTE
r-release-linux-x86_64 0.6.0 2.05 62.36 64.41 NOTE
r-release-macos-arm64 0.6.0 37.00 NOTE
r-release-macos-x86_64 0.6.0 58.00 NOTE
r-release-windows-x86_64 0.6.0 12.00 127.00 139.00 NOTE
r-oldrel-macos-arm64 0.6.0 35.00 NOTE
r-oldrel-macos-x86_64 0.6.0 69.00 NOTE
r-oldrel-windows-ix86+x86_64 0.6.0 7.00 113.00 120.00 NOTE

Check Details

Version: 0.6.0
Check: LazyData
Result: NOTE
     'LazyData' is specified without a 'data' directory
Flavors: r-devel-linux-x86_64-debian-clang, r-devel-linux-x86_64-debian-gcc, r-devel-linux-x86_64-fedora-clang, r-devel-linux-x86_64-fedora-gcc, r-devel-windows-x86_64, r-patched-linux-x86_64, r-release-linux-x86_64, r-release-macos-arm64, r-release-macos-x86_64, r-release-windows-x86_64, r-oldrel-macos-arm64, r-oldrel-macos-x86_64, r-oldrel-windows-ix86+x86_64

Version: 0.6.0
Check: dependencies in R code
Result: NOTE
    Namespace in Imports field not imported from: ‘utils’
     All declared Imports should be used.
Flavors: r-devel-linux-x86_64-fedora-clang, r-devel-linux-x86_64-fedora-gcc, r-release-macos-arm64, r-release-macos-x86_64, r-oldrel-macos-arm64, r-oldrel-macos-x86_64