CRAN Package Check Results for Package spaero

Last updated on 2024-07-23 20:49:22 CEST.

Flavor Version Tinstall Tcheck Ttotal Status Flags
r-devel-linux-x86_64-debian-clang 0.6.0 1.87 68.76 70.63 NOTE
r-devel-linux-x86_64-debian-gcc 0.6.0 1.64 49.83 51.47 NOTE
r-devel-linux-x86_64-fedora-clang 0.6.0 87.97 NOTE
r-devel-linux-x86_64-fedora-gcc 0.6.0 110.25 NOTE
r-devel-windows-x86_64 0.6.0 3.00 111.00 114.00 NOTE
r-patched-linux-x86_64 0.6.0 1.76 63.54 65.30 NOTE
r-release-linux-x86_64 0.6.0 1.92 64.66 66.58 NOTE
r-release-macos-arm64 0.6.0 44.00 NOTE
r-release-macos-x86_64 0.6.0 66.00 NOTE
r-release-windows-x86_64 0.6.0 5.00 112.00 117.00 NOTE
r-oldrel-macos-arm64 0.6.0 44.00 NOTE
r-oldrel-macos-x86_64 0.6.0 70.00 NOTE
r-oldrel-windows-x86_64 0.6.0 4.00 115.00 119.00 NOTE

Check Details

Version: 0.6.0
Check: LazyData
Result: NOTE 'LazyData' is specified without a 'data' directory Flavors: r-devel-linux-x86_64-debian-clang, r-devel-linux-x86_64-debian-gcc, r-devel-linux-x86_64-fedora-clang, r-devel-linux-x86_64-fedora-gcc, r-devel-windows-x86_64, r-patched-linux-x86_64, r-release-linux-x86_64, r-release-macos-arm64, r-release-macos-x86_64, r-release-windows-x86_64, r-oldrel-macos-arm64, r-oldrel-macos-x86_64, r-oldrel-windows-x86_64

Version: 0.6.0
Check: dependencies in R code
Result: NOTE Namespace in Imports field not imported from: ‘utils’ All declared Imports should be used. Flavors: r-devel-linux-x86_64-fedora-clang, r-devel-linux-x86_64-fedora-gcc