Last updated on 2022-08-09 20:54:01 CEST.
Flavor | Version | Tinstall | Tcheck | Ttotal | Status | Flags |
---|---|---|---|---|---|---|
r-devel-linux-x86_64-debian-clang | 3.12.0 | 205.64 | 334.11 | 539.75 | OK | |
r-devel-linux-x86_64-debian-gcc | 3.12.0 | 168.88 | 256.62 | 425.50 | OK | |
r-devel-linux-x86_64-fedora-clang | 3.12.0 | 696.14 | OK | |||
r-devel-linux-x86_64-fedora-gcc | 3.12.0 | 689.12 | OK | |||
r-devel-windows-x86_64 | 3.12.0 | 232.00 | 359.00 | 591.00 | NOTE | |
r-patched-linux-x86_64 | 3.12.0 | 143.03 | 325.50 | 468.53 | OK | |
r-release-linux-x86_64 | 3.12.0 | OK | ||||
r-release-macos-arm64 | 3.12.0 | 151.00 | NOTE | |||
r-release-macos-x86_64 | 3.12.0 | 202.00 | NOTE | |||
r-release-windows-x86_64 | 3.12.0 | 235.00 | 358.00 | 593.00 | OK | |
r-oldrel-macos-arm64 | 3.12.0 | 119.00 | NOTE | |||
r-oldrel-macos-x86_64 | 3.12.0 | 203.00 | NOTE | |||
r-oldrel-windows-ix86+x86_64 | 3.12.0 | 416.00 | 448.00 | 864.00 | NOTE |
Version: 3.12.0
Check: installed package size
Result: NOTE
installed size is 5.0Mb
sub-directories of 1Mb or more:
R 2.2Mb
libs 1.6Mb
Flavors: r-devel-windows-x86_64, r-release-macos-arm64, r-release-macos-x86_64, r-oldrel-macos-arm64, r-oldrel-macos-x86_64, r-oldrel-windows-ix86+x86_64