Last updated on 2023-10-01 08:52:11 CEST.
Flavor | Version | Tinstall | Tcheck | Ttotal | Status | Flags |
---|---|---|---|---|---|---|
r-devel-linux-x86_64-debian-clang | 0.1.0 | 2.99 | 34.66 | 37.65 | OK | |
r-devel-linux-x86_64-debian-gcc | 0.1.0 | 2.57 | 26.97 | 29.54 | OK | |
r-devel-linux-x86_64-fedora-clang | 0.1.0 | 47.64 | NOTE | |||
r-devel-linux-x86_64-fedora-gcc | 0.1.0 | 47.65 | NOTE | |||
r-devel-windows-x86_64 | 0.1.0 | 7.00 | 49.00 | 56.00 | OK | |
r-patched-linux-x86_64 | 0.1.0 | 3.63 | 33.92 | 37.55 | OK | |
r-release-linux-x86_64 | 0.1.0 | 2.62 | 34.17 | 36.79 | OK | |
r-release-macos-arm64 | 0.1.0 | 22.00 | OK | |||
r-release-macos-x86_64 | 0.1.0 | 31.00 | OK | |||
r-release-windows-x86_64 | 0.1.0 | 7.00 | 52.00 | 59.00 | OK | |
r-oldrel-macos-arm64 | 0.1.0 | 21.00 | NOTE | |||
r-oldrel-macos-x86_64 | 0.1.0 | 27.00 | NOTE | |||
r-oldrel-windows-x86_64 | 0.1.0 | 8.00 | 56.00 | 64.00 | OK |
Version: 0.1.0
Check: data for non-ASCII characters
Result: NOTE
Note: found 199 marked UTF-8 strings
Flavors: r-devel-linux-x86_64-fedora-clang, r-devel-linux-x86_64-fedora-gcc, r-oldrel-macos-arm64, r-oldrel-macos-x86_64