CRAN Package Check Results for Package spNetwork

Last updated on 2022-12-04 07:55:22 CET.

Flavor Version Tinstall Tcheck Ttotal Status Flags
r-devel-linux-x86_64-debian-clang 0.4.3.6 240.85 414.25 655.10 OK
r-devel-linux-x86_64-debian-gcc 0.4.3.6 192.96 291.64 484.60 OK
r-devel-linux-x86_64-fedora-clang 0.4.3.6 903.00 NOTE
r-devel-linux-x86_64-fedora-gcc 0.4.3.6 872.34 OK
r-devel-windows-x86_64 0.4.3.6 510.00 514.00 1024.00 NOTE
r-patched-linux-x86_64 0.4.3.6 212.44 372.70 585.14 OK
r-release-linux-x86_64 0.4.3.6 215.66 306.11 521.77 OK
r-release-macos-arm64 0.4.3.6 219.00 NOTE
r-release-macos-x86_64 0.4.3.6 241.00 NOTE
r-release-windows-x86_64 0.4.3.6 750.00 479.00 1229.00 NOTE
r-oldrel-macos-arm64 0.4.3.6 236.00 NOTE
r-oldrel-macos-x86_64 0.4.3.6 273.00 NOTE
r-oldrel-windows-ix86+x86_64 0.4.3.6 581.00 677.00 1258.00 NOTE

Check Details

Version: 0.4.3.6
Check: installed package size
Result: NOTE
     installed size is 6.1Mb
     sub-directories of 1Mb or more:
     doc 1.1Mb
     extdata 2.6Mb
Flavors: r-devel-linux-x86_64-fedora-clang, r-devel-windows-x86_64, r-release-macos-arm64, r-release-macos-x86_64, r-release-windows-x86_64, r-oldrel-macos-arm64, r-oldrel-macos-x86_64, r-oldrel-windows-ix86+x86_64