CRAN Package Check Results for Package spGARCH

Last updated on 2022-12-07 19:53:13 CET.

Flavor Version Tinstall Tcheck Ttotal Status Flags
r-devel-linux-x86_64-debian-clang 0.2.2 88.68 122.49 211.17 OK
r-devel-linux-x86_64-debian-gcc 0.2.2 68.18 93.51 161.69 OK
r-devel-linux-x86_64-fedora-clang 0.2.2 276.45 OK
r-devel-linux-x86_64-fedora-gcc 0.2.2 267.22 OK
r-devel-windows-x86_64 0.2.2 68.00 168.00 236.00 OK
r-patched-linux-x86_64 0.2.2 79.61 113.35 192.96 OK
r-release-linux-x86_64 0.2.2 77.07 117.42 194.49 OK
r-release-macos-arm64 0.2.2 113.00 NOTE
r-release-macos-x86_64 0.2.2 162.00 NOTE
r-release-windows-x86_64 0.2.2 65.00 176.00 241.00 OK
r-oldrel-macos-arm64 0.2.2 93.00 NOTE
r-oldrel-macos-x86_64 0.2.2 143.00 NOTE
r-oldrel-windows-ix86+x86_64 0.2.2 181.00 189.00 370.00 OK

Check Details

Version: 0.2.2
Check: installed package size
Result: NOTE
     installed size is 24.4Mb
     sub-directories of 1Mb or more:
     libs 24.1Mb
Flavors: r-release-macos-arm64, r-release-macos-x86_64, r-oldrel-macos-arm64, r-oldrel-macos-x86_64