CRAN Package Check Results for Package spDates

Last updated on 2022-11-28 06:50:24 CET.

Flavor Version Tinstall Tcheck Ttotal Status Flags
r-devel-linux-x86_64-debian-clang 1.1 15.70 133.28 148.98 OK
r-devel-linux-x86_64-debian-gcc 1.1 12.63 101.44 114.07 OK
r-devel-linux-x86_64-fedora-clang 1.1 193.98 NOTE
r-devel-linux-x86_64-fedora-gcc 1.1 198.77 NOTE
r-devel-windows-x86_64 1.1 19.00 157.00 176.00 NOTE
r-patched-linux-x86_64 1.1 14.72 126.71 141.43 OK
r-release-linux-x86_64 1.1 13.05 123.97 137.02 OK
r-release-macos-arm64 1.1 56.00 NOTE
r-release-macos-x86_64 1.1 71.00 NOTE
r-release-windows-x86_64 1.1 27.00 154.00 181.00 NOTE
r-oldrel-macos-arm64 1.1 53.00 NOTE
r-oldrel-macos-x86_64 1.1 72.00 NOTE
r-oldrel-windows-ix86+x86_64 1.1 35.00 158.00 193.00 NOTE

Check Details

Version: 1.1
Check: installed package size
Result: NOTE
     installed size is 5.9Mb
     sub-directories of 1Mb or more:
     data 4.3Mb
     help 1.5Mb
Flavors: r-devel-linux-x86_64-fedora-clang, r-devel-windows-x86_64, r-release-macos-arm64, r-release-macos-x86_64, r-release-windows-x86_64, r-oldrel-macos-arm64, r-oldrel-macos-x86_64, r-oldrel-windows-ix86+x86_64

Version: 1.1
Check: data for non-ASCII characters
Result: NOTE
     Note: found 34 marked UTF-8 strings
Flavors: r-devel-linux-x86_64-fedora-clang, r-devel-linux-x86_64-fedora-gcc, r-release-macos-arm64, r-release-macos-x86_64, r-oldrel-macos-arm64, r-oldrel-macos-x86_64