CRAN Package Check Results for Package sommer

Last updated on 2022-09-29 08:53:42 CEST.

Flavor Version Tinstall Tcheck Ttotal Status Flags
r-devel-linux-x86_64-debian-clang 4.2.0 122.72 181.66 304.38 OK --no-vignettes
r-devel-linux-x86_64-debian-gcc 4.2.0 96.78 136.32 233.10 OK --no-vignettes
r-devel-linux-x86_64-fedora-clang 4.2.0 630.63 NOTE
r-devel-linux-x86_64-fedora-gcc 4.2.0 595.08 OK
r-devel-windows-x86_64 4.2.0 105.00 194.00 299.00 NOTE --no-vignettes
r-patched-linux-x86_64 4.2.0 106.02 171.06 277.08 OK --no-vignettes
r-release-linux-x86_64 4.2.0 94.39 171.79 266.18 OK --no-vignettes
r-release-macos-arm64 4.2.0 168.00 NOTE
r-release-macos-x86_64 4.2.0 215.00 NOTE
r-release-windows-x86_64 4.2.0 115.00 237.00 352.00 NOTE --no-vignettes
r-oldrel-macos-arm64 4.2.0 162.00 NOTE
r-oldrel-macos-x86_64 4.2.0 224.00 NOTE
r-oldrel-windows-ix86+x86_64 4.2.0 219.00 228.00 447.00 NOTE --no-vignettes

Check Details

Version: 4.2.0
Check: installed package size
Result: NOTE
     installed size is 5.8Mb
     sub-directories of 1Mb or more:
     data 1.4Mb
     doc 2.1Mb
     libs 1.2Mb
Flavors: r-devel-linux-x86_64-fedora-clang, r-release-macos-arm64, r-release-macos-x86_64, r-oldrel-macos-arm64, r-oldrel-macos-x86_64

Version: 4.2.0
Flags: --no-vignettes
Check: installed package size
Result: NOTE
     installed size is 6.3Mb
     sub-directories of 1Mb or more:
     data 1.3Mb
     doc 2.1Mb
     libs 1.7Mb
Flavors: r-devel-windows-x86_64, r-release-windows-x86_64, r-oldrel-windows-ix86+x86_64