CRAN Package Check Results for Package solitude

Last updated on 2022-11-28 06:50:24 CET.

Flavor Version Tinstall Tcheck Ttotal Status Flags
r-devel-linux-x86_64-debian-clang 1.1.3 2.86 34.59 37.45 OK
r-devel-linux-x86_64-debian-gcc 1.1.3 2.87 26.46 29.33 OK
r-devel-linux-x86_64-fedora-clang 1.1.3 57.73 NOTE
r-devel-linux-x86_64-fedora-gcc 1.1.3 54.22 NOTE
r-devel-windows-x86_64 1.1.3 8.00 60.00 68.00 OK
r-patched-linux-x86_64 1.1.3 3.28 32.23 35.51 OK
r-release-linux-x86_64 1.1.3 3.83 33.19 37.02 OK
r-release-macos-arm64 1.1.3 19.00 NOTE
r-release-macos-x86_64 1.1.3 24.00 NOTE
r-release-windows-x86_64 1.1.3 10.00 60.00 70.00 OK
r-oldrel-macos-arm64 1.1.3 22.00 NOTE
r-oldrel-macos-x86_64 1.1.3 25.00 NOTE
r-oldrel-windows-ix86+x86_64 1.1.3 8.00 57.00 65.00 OK

Check Details

Version: 1.1.3
Check: dependencies in R code
Result: NOTE
    Namespaces in Imports field not imported from:
     ‘R6’ ‘lgr’
     All declared Imports should be used.
Flavors: r-devel-linux-x86_64-fedora-clang, r-devel-linux-x86_64-fedora-gcc, r-release-macos-arm64, r-release-macos-x86_64, r-oldrel-macos-arm64, r-oldrel-macos-x86_64