CRAN Package Check Results for Package smvgraph

Last updated on 2022-08-16 08:54:31 CEST.

Flavor Version Tinstall Tcheck Ttotal Status Flags
r-devel-linux-x86_64-debian-clang 0.1.2 11.63 100.48 112.11 NOTE
r-devel-linux-x86_64-debian-gcc 0.1.2 9.74 74.76 84.50 NOTE
r-devel-linux-x86_64-fedora-clang 0.1.2 148.77 NOTE
r-devel-linux-x86_64-fedora-gcc 0.1.2 143.79 NOTE
r-devel-windows-x86_64 0.1.2 22.00 114.00 136.00 OK
r-patched-linux-x86_64 0.1.2 9.22 93.62 102.84 NOTE
r-release-linux-x86_64 0.1.2 10.18 93.93 104.11 NOTE
r-release-macos-arm64 0.1.2 37.00 OK
r-release-macos-x86_64 0.1.2 61.00 OK
r-release-windows-x86_64 0.1.2 24.00 117.00 141.00 OK
r-oldrel-macos-arm64 0.1.2 41.00 OK
r-oldrel-macos-x86_64 0.1.2 55.00 OK
r-oldrel-windows-ix86+x86_64 0.1.2 27.00 111.00 138.00 OK

Check Details

Version: 0.1.2
Check: Rd cross-references
Result: NOTE
    Unknown package 'andrews' in Rd xrefs
Flavors: r-devel-linux-x86_64-debian-clang, r-devel-linux-x86_64-debian-gcc, r-devel-linux-x86_64-fedora-gcc, r-patched-linux-x86_64, r-release-linux-x86_64

Version: 0.1.2
Check: Rd cross-references
Result: NOTE
    Undeclared package ‘andrews’ in Rd xrefs
    Unknown package ‘andrews’ in Rd xrefs
Flavor: r-devel-linux-x86_64-fedora-clang