CRAN Package Check Results for Package smoof

Last updated on 2022-12-03 19:53:02 CET.

Flavor Version Tinstall Tcheck Ttotal Status Flags
r-devel-linux-x86_64-debian-clang 1.6.0.2 84.93 126.87 211.80 WARN
r-devel-linux-x86_64-debian-gcc 1.6.0.2 69.83 95.11 164.94 WARN
r-devel-linux-x86_64-fedora-clang 1.6.0.2 320.06 WARN
r-devel-linux-x86_64-fedora-gcc 1.6.0.2 282.49 WARN
r-devel-windows-x86_64 1.6.0.2 157.00 196.00 353.00 NOTE
r-patched-linux-x86_64 1.6.0.2 78.51 120.30 198.81 NOTE
r-release-linux-x86_64 1.6.0.2 73.98 120.24 194.22 NOTE
r-release-macos-arm64 1.6.0.2 87.00 NOTE
r-release-macos-x86_64 1.6.0.2 135.00 NOTE
r-release-windows-x86_64 1.6.0.2 170.00 172.00 342.00 NOTE
r-oldrel-macos-arm64 1.6.0.2 127.00 NOTE
r-oldrel-macos-x86_64 1.6.0.2 135.00 NOTE
r-oldrel-windows-ix86+x86_64 1.6.0.2 222.00 198.00 420.00 NOTE

Check Details

Version: 1.6.0.2
Check: package dependencies
Result: NOTE
    Package suggested but not available for checking: 'rPython'
Flavors: r-devel-linux-x86_64-debian-clang, r-devel-linux-x86_64-debian-gcc, r-devel-linux-x86_64-fedora-clang, r-devel-linux-x86_64-fedora-gcc, r-devel-windows-x86_64, r-patched-linux-x86_64, r-release-linux-x86_64, r-release-macos-arm64, r-release-macos-x86_64, r-release-windows-x86_64, r-oldrel-macos-arm64, r-oldrel-macos-x86_64, r-oldrel-windows-ix86+x86_64

Version: 1.6.0.2
Check: whether package can be installed
Result: WARN
    Found the following significant warnings:
     ./bbobStructures.h:126:26: warning: a function declaration without a prototype is deprecated in all versions of C [-Wstrict-prototypes]
     ./bbobStructures.h:128:24: warning: a function declaration without a prototype is deprecated in all versions of C [-Wstrict-prototypes]
     ./bbobStructures.h:130:34: warning: a function declaration without a prototype is deprecated in all versions of C [-Wstrict-prototypes]
     ./bbobStructures.h:131:21: warning: a function declaration without a prototype is deprecated in all versions of C [-Wstrict-prototypes]
     ./bbobStructures.h:133:38: warning: a function declaration without a prototype is deprecated in all versions of C [-Wstrict-prototypes]
     ./benchmarkshelper.h:12:14: warning: a function declaration without a prototype is deprecated in all versions of C [-Wstrict-prototypes]
     ./benchmarkshelper.h:13:13: warning: a function declaration without a prototype is deprecated in all versions of C [-Wstrict-prototypes]
     ./benchmarkshelper.h:18:26: warning: a function declaration without a prototype is deprecated in all versions of C [-Wstrict-prototypes]
     ./benchmarkshelper.h:19:26: warning: a function declaration without a prototype is deprecated in all versions of C [-Wstrict-prototypes]
     ./benchmarks.h:27:20: warning: a function declaration without a prototype is deprecated in all versions of C [-Wstrict-prototypes]
     ./benchmarks.h:28:20: warning: a function declaration without a prototype is deprecated in all versions of C [-Wstrict-prototypes]
     benchmarks.c:1637:20: warning: a function declaration without a prototype is deprecated in all versions of C [-Wstrict-prototypes]
     benchmarks.c:1671:20: warning: a function declaration without a prototype is deprecated in all versions of C [-Wstrict-prototypes]
     benchmarkshelper.c:192:14: warning: a function declaration without a prototype is deprecated in all versions of C [-Wstrict-prototypes]
     benchmarkshelper.c:204:13: warning: a function declaration without a prototype is deprecated in all versions of C [-Wstrict-prototypes]
     benchmarkshelper.c:304:26: warning: a function declaration without a prototype is deprecated in all versions of C [-Wstrict-prototypes]
     benchmarkshelper.c:314:26: warning: a function declaration without a prototype is deprecated in all versions of C [-Wstrict-prototypes]
Flavors: r-devel-linux-x86_64-debian-clang, r-devel-linux-x86_64-fedora-clang

Version: 1.6.0.2
Check: LazyData
Result: NOTE
     'LazyData' is specified without a 'data' directory
Flavors: r-devel-linux-x86_64-debian-clang, r-devel-linux-x86_64-debian-gcc, r-devel-linux-x86_64-fedora-clang, r-devel-linux-x86_64-fedora-gcc, r-devel-windows-x86_64, r-patched-linux-x86_64, r-release-linux-x86_64, r-release-macos-arm64, r-release-macos-x86_64, r-release-windows-x86_64, r-oldrel-macos-arm64, r-oldrel-macos-x86_64, r-oldrel-windows-ix86+x86_64

Version: 1.6.0.2
Check: whether package can be installed
Result: WARN
    Found the following significant warnings:
     bbobStructures.h:126:1: warning: function declaration isn’t a prototype [-Wstrict-prototypes]
     bbobStructures.h:128:1: warning: function declaration isn’t a prototype [-Wstrict-prototypes]
     bbobStructures.h:130:1: warning: function declaration isn’t a prototype [-Wstrict-prototypes]
     bbobStructures.h:131:1: warning: function declaration isn’t a prototype [-Wstrict-prototypes]
     bbobStructures.h:133:1: warning: function declaration isn’t a prototype [-Wstrict-prototypes]
     benchmarkshelper.h:12:1: warning: function declaration isn’t a prototype [-Wstrict-prototypes]
     benchmarkshelper.h:13:1: warning: function declaration isn’t a prototype [-Wstrict-prototypes]
     benchmarkshelper.h:18:1: warning: function declaration isn’t a prototype [-Wstrict-prototypes]
     benchmarkshelper.h:19:1: warning: function declaration isn’t a prototype [-Wstrict-prototypes]
     benchmarks.h:27:1: warning: function declaration isn’t a prototype [-Wstrict-prototypes]
     benchmarks.h:28:1: warning: function declaration isn’t a prototype [-Wstrict-prototypes]
     benchmarks.c:1637:6: warning: function declaration isn’t a prototype [-Wstrict-prototypes]
     benchmarks.c:1671:6: warning: function declaration isn’t a prototype [-Wstrict-prototypes]
     benchmarkshelper.c:192:8: warning: function declaration isn’t a prototype [-Wstrict-prototypes]
     benchmarkshelper.c:204:8: warning: function declaration isn’t a prototype [-Wstrict-prototypes]
     benchmarkshelper.c:304:6: warning: function declaration isn’t a prototype [-Wstrict-prototypes]
     benchmarkshelper.c:314:6: warning: function declaration isn’t a prototype [-Wstrict-prototypes]
Flavors: r-devel-linux-x86_64-debian-gcc, r-devel-linux-x86_64-fedora-gcc