Last updated on 2023-03-25 07:59:47 CET.
Flavor | Version | Tinstall | Tcheck | Ttotal | Status | Flags |
---|---|---|---|---|---|---|
r-devel-linux-x86_64-debian-clang | 1.0.4.1 | 61.00 | 151.43 | 212.43 | NOTE | |
r-devel-linux-x86_64-debian-gcc | 1.0.4.1 | 48.41 | 114.89 | 163.30 | NOTE | |
r-devel-linux-x86_64-fedora-clang | 1.0.4.1 | 286.80 | NOTE | |||
r-devel-linux-x86_64-fedora-gcc | 1.0.4.1 | 271.39 | NOTE | |||
r-patched-linux-x86_64 | 1.0.4.1 | 53.70 | 137.69 | 191.39 | OK | |
r-release-linux-x86_64 | 1.0.4.1 | 52.71 | 138.36 | 191.07 | OK | |
r-release-macos-arm64 | 1.0.4.1 | 74.00 | NOTE | |||
r-release-macos-x86_64 | 1.0.4.1 | 110.00 | NOTE | |||
r-release-windows-x86_64 | 1.0.4.1 | 80.00 | 197.00 | 277.00 | NOTE | |
r-oldrel-macos-arm64 | 1.0.4.1 | 78.00 | NOTE | |||
r-oldrel-macos-x86_64 | 1.0.4.1 | 106.00 | NOTE | |||
r-oldrel-windows-ix86+x86_64 | 1.0.4.1 | 138.00 | 212.00 | 350.00 | NOTE |
Version: 1.0.4.1
Check: C++ specification
Result: NOTE
Specified C++11: please drop specification unless essential
Flavors: r-devel-linux-x86_64-debian-clang, r-devel-linux-x86_64-debian-gcc, r-devel-linux-x86_64-fedora-clang, r-devel-linux-x86_64-fedora-gcc
Version: 1.0.4.1
Check: installed package size
Result: NOTE
installed size is 5.8Mb
sub-directories of 1Mb or more:
data 4.6Mb
Flavors: r-devel-linux-x86_64-fedora-clang, r-release-macos-arm64, r-release-macos-x86_64, r-release-windows-x86_64, r-oldrel-macos-arm64, r-oldrel-macos-x86_64, r-oldrel-windows-ix86+x86_64