CRAN Package Check Results for Package smcfcs

Last updated on 2022-12-03 07:56:47 CET.

Flavor Version Tinstall Tcheck Ttotal Status Flags
r-devel-linux-x86_64-debian-clang 1.7.1 12.48 152.09 164.57 OK
r-devel-linux-x86_64-debian-gcc 1.7.1 7.87 112.81 120.68 OK
r-devel-linux-x86_64-fedora-clang 1.7.1 225.10 NOTE
r-devel-linux-x86_64-fedora-gcc 1.7.1 207.93 OK
r-devel-windows-x86_64 1.7.1 25.00 175.00 200.00 OK
r-patched-linux-x86_64 1.7.1 10.32 144.22 154.54 OK
r-release-linux-x86_64 1.7.1 8.11 142.71 150.82 OK
r-release-macos-arm64 1.7.1 57.00 OK
r-release-macos-x86_64 1.7.1 74.00 OK
r-release-windows-x86_64 1.7.1 37.00 183.00 220.00 OK
r-oldrel-macos-arm64 1.7.1 58.00 OK
r-oldrel-macos-x86_64 1.7.1 76.00 OK
r-oldrel-windows-ix86+x86_64 1.7.1 22.00 179.00 201.00 OK

Check Details

Version: 1.7.1
Check: Rd cross-references
Result: NOTE
    Undeclared package ‘mice’ in Rd xrefs
Flavor: r-devel-linux-x86_64-fedora-clang