Last updated on 2023-03-22 07:57:46 CET.
Flavor | Version | Tinstall | Tcheck | Ttotal | Status | Flags |
---|---|---|---|---|---|---|
r-devel-linux-x86_64-debian-clang | 1.0-5 | 9.59 | 83.47 | 93.06 | NOTE | |
r-devel-linux-x86_64-debian-gcc | 1.0-5 | 6.52 | 62.74 | 69.26 | NOTE | |
r-devel-linux-x86_64-fedora-clang | 1.0-5 | 115.43 | NOTE | |||
r-devel-linux-x86_64-fedora-gcc | 1.0-5 | 112.47 | NOTE | |||
r-patched-linux-x86_64 | 1.0-5 | 9.02 | 77.98 | 87.00 | OK | |
r-release-linux-x86_64 | 1.0-5 | 9.08 | 79.17 | 88.25 | OK | |
r-release-macos-arm64 | 1.0-5 | 37.00 | OK | |||
r-release-macos-x86_64 | 1.0-5 | 51.00 | OK | |||
r-release-windows-x86_64 | 1.0-5 | 27.00 | 119.00 | 146.00 | OK | |
r-oldrel-macos-arm64 | 1.0-5 | 48.00 | OK | |||
r-oldrel-macos-x86_64 | 1.0-5 | 68.00 | OK | |||
r-oldrel-windows-ix86+x86_64 | 1.0-5 | 24.00 | 136.00 | 160.00 | OK |
Version: 1.0-5
Check: Rd files
Result: NOTE
checkRd: (-1) slp-package.Rd:38: Escaped LaTeX specials: \&
Flavors: r-devel-linux-x86_64-debian-clang, r-devel-linux-x86_64-debian-gcc, r-devel-linux-x86_64-fedora-clang, r-devel-linux-x86_64-fedora-gcc
Version: 1.0-5
Check: compiled code
Result: NOTE
File ‘slp/libs/slp.so’:
Found no calls to: ‘R_registerRoutines’, ‘R_useDynamicSymbols’
It is good practice to register native routines and to disable symbol
search.
See ‘Writing portable packages’ in the ‘Writing R Extensions’ manual.
Flavors: r-devel-linux-x86_64-fedora-clang, r-devel-linux-x86_64-fedora-gcc