CRAN Package Check Results for Package slp

Last updated on 2024-04-17 20:57:49 CEST.

Flavor Version Tinstall Tcheck Ttotal Status Flags
r-devel-linux-x86_64-debian-clang 1.0-5 7.46 76.75 84.21 NOTE
r-devel-linux-x86_64-debian-gcc 1.0-5 7.84 59.32 67.16 NOTE
r-devel-linux-x86_64-fedora-clang 1.0-5 115.47 NOTE
r-devel-linux-x86_64-fedora-gcc 1.0-5 106.56 NOTE
r-prerel-macos-arm64 1.0-5 36.00 NOTE
r-prerel-windows-x86_64 1.0-5 10.00 80.00 90.00 NOTE
r-patched-linux-x86_64 1.0-5 10.40 73.57 83.97 NOTE
r-release-linux-x86_64 1.0-5 7.88 74.16 82.04 NOTE
r-release-macos-arm64 1.0-5 38.00 NOTE
r-release-macos-x86_64 1.0-5 60.00 NOTE
r-release-windows-x86_64 1.0-5 13.00 92.00 105.00 NOTE
r-oldrel-macos-arm64 1.0-5 37.00 OK
r-oldrel-windows-x86_64 1.0-5 14.00 92.00 106.00 OK

Check Details

Version: 1.0-5
Check: Rd files
Result: NOTE checkRd: (-1) slp-package.Rd:38: Escaped LaTeX specials: \& Flavors: r-devel-linux-x86_64-debian-clang, r-devel-linux-x86_64-debian-gcc, r-devel-linux-x86_64-fedora-clang, r-devel-linux-x86_64-fedora-gcc, r-prerel-macos-arm64, r-prerel-windows-x86_64, r-patched-linux-x86_64, r-release-linux-x86_64, r-release-macos-arm64, r-release-macos-x86_64, r-release-windows-x86_64

Version: 1.0-5
Check: compiled code
Result: NOTE File ‘slp/libs/slp.so’: Found no calls to: ‘R_registerRoutines’, ‘R_useDynamicSymbols’ It is good practice to register native routines and to disable symbol search. See ‘Writing portable packages’ in the ‘Writing R Extensions’ manual. Flavors: r-devel-linux-x86_64-fedora-clang, r-devel-linux-x86_64-fedora-gcc