CRAN Package Check Results for Package simr

Last updated on 2024-07-17 08:55:23 CEST.

Flavor Version Tinstall Tcheck Ttotal Status Flags
r-devel-linux-x86_64-debian-clang 1.0.7 12.21 222.26 234.47 OK
r-devel-linux-x86_64-debian-gcc 1.0.7 12.19 157.50 169.69 OK
r-devel-linux-x86_64-fedora-clang 1.0.7 305.73 OK
r-devel-linux-x86_64-fedora-gcc 1.0.7 284.75 OK
r-devel-windows-x86_64 1.0.7 14.00 160.00 174.00 NOTE
r-patched-linux-x86_64 1.0.7 19.48 208.66 228.14 OK
r-release-linux-x86_64 1.0.7 12.43 210.27 222.70 OK
r-release-macos-arm64 1.0.7 78.00 OK
r-release-macos-x86_64 1.0.7 136.00 OK
r-release-windows-x86_64 1.0.7 12.00 161.00 173.00 OK
r-oldrel-macos-arm64 1.0.7 64.00 OK
r-oldrel-macos-x86_64 1.0.7 159.00 OK
r-oldrel-windows-x86_64 1.0.7 16.00 209.00 225.00 OK

Check Details

Version: 1.0.7
Check: Rd cross-references
Result: NOTE Found the following Rd file(s) with Rd \link{} targets missing package anchors: print.powerSim.Rd: binom.confint simrOptions.Rd: Anova tests.Rd: summary.merMod, anova.merMod, Anova Please provide package anchors for all Rd \link{} targets not in the package itself and the base packages. Flavor: r-devel-windows-x86_64