Last updated on 2023-03-28 08:55:02 CEST.
Flavor | Version | Tinstall | Tcheck | Ttotal | Status | Flags |
---|---|---|---|---|---|---|
r-devel-linux-x86_64-debian-clang | 2.4.0 | 3.81 | 48.92 | 52.73 | OK | |
r-devel-linux-x86_64-debian-gcc | 2.4.0 | 3.23 | 36.82 | 40.05 | OK | |
r-devel-linux-x86_64-fedora-clang | 2.4.0 | 67.74 | OK | |||
r-devel-linux-x86_64-fedora-gcc | 2.4.0 | 64.95 | OK | |||
r-patched-linux-x86_64 | 2.4.0 | 3.98 | 46.04 | 50.02 | OK | |
r-release-linux-x86_64 | 2.4.0 | 2.55 | 47.25 | 49.80 | OK | |
r-release-macos-arm64 | 2.4.0 | 22.00 | OK | |||
r-release-macos-x86_64 | 2.4.0 | 35.00 | OK | |||
r-release-windows-x86_64 | 2.4.0 | 32.00 | 81.00 | 113.00 | OK | |
r-oldrel-macos-arm64 | 2.4.0 | 22.00 | OK | |||
r-oldrel-macos-x86_64 | 2.4.0 | 39.00 | OK | |||
r-oldrel-windows-ix86+x86_64 | 2.4.0 | 9.00 | 75.00 | 84.00 | ERROR |
Version: 2.4.0
Check: PDF version of manual
Result: WARN
LaTeX errors when creating PDF version.
This typically indicates Rd problems.
LaTeX errors found:
! Package inputenc Error: Unicode char â<c2><80><c2><90> (U+2010)
(inputenc) not set up for use with LaTeX.
See the inputenc package documentation for explanation.
Type H <return> for immediate help.
! Package inputenc Error: Unicode char â<c2><80><c2><90> (U+2010)
(inputenc) not set up for use with LaTeX.
See the inputenc package documentation for explanation.
Type H <return> for immediate help.
! Package inputenc Error: Unicode char â<c2><80><c2><90> (U+2010)
(inputenc) not set up for use with LaTeX.
See the inputenc package documentation for explanation.
Type H <return> for immediate help.
Flavor: r-oldrel-windows-ix86+x86_64
Version: 2.4.0
Check: PDF version of manual without hyperrefs or index
Result: ERROR
Flavor: r-oldrel-windows-ix86+x86_64