CRAN Package Check Results for Package shinyCyJS

Last updated on 2023-03-22 19:53:38 CET.

Flavor Version Tinstall Tcheck Ttotal Status Flags
r-devel-linux-x86_64-debian-clang 0.0.11 3.33 29.84 33.17 NOTE
r-devel-linux-x86_64-debian-gcc 0.0.11 2.47 23.80 26.27 NOTE
r-devel-linux-x86_64-fedora-clang 0.0.11 42.62 NOTE
r-devel-linux-x86_64-fedora-gcc 0.0.11 39.69 NOTE
r-patched-linux-x86_64 0.0.11 2.14 30.33 32.47 NOTE
r-release-linux-x86_64 0.0.11 2.38 29.90 32.28 NOTE
r-release-macos-arm64 0.0.11 17.00 NOTE
r-release-macos-x86_64 0.0.11 25.00 NOTE
r-release-windows-x86_64 0.0.11 32.00 65.00 97.00 NOTE
r-oldrel-macos-arm64 0.0.11 23.00 NOTE
r-oldrel-macos-x86_64 0.0.11 30.00 NOTE
r-oldrel-windows-ix86+x86_64 0.0.11 10.00 55.00 65.00 NOTE

Check Details

Version: 0.0.11
Check: LazyData
Result: NOTE
     'LazyData' is specified without a 'data' directory
Flavors: r-devel-linux-x86_64-debian-clang, r-devel-linux-x86_64-debian-gcc, r-devel-linux-x86_64-fedora-clang, r-devel-linux-x86_64-fedora-gcc, r-patched-linux-x86_64, r-release-linux-x86_64, r-release-macos-arm64, r-release-macos-x86_64, r-release-windows-x86_64, r-oldrel-macos-arm64, r-oldrel-macos-x86_64, r-oldrel-windows-ix86+x86_64