CRAN Package Check Results for Package shiny.pwa

Last updated on 2022-12-07 19:53:12 CET.

Flavor Version Tinstall Tcheck Ttotal Status Flags
r-devel-linux-x86_64-debian-clang 0.2.1 6.22 48.37 54.59 NOTE
r-devel-linux-x86_64-debian-gcc 0.2.1 5.01 35.67 40.68 NOTE
r-devel-linux-x86_64-fedora-clang 0.2.1 79.81 NOTE
r-devel-linux-x86_64-fedora-gcc 0.2.1 73.60 NOTE
r-devel-windows-x86_64 0.2.1 15.00 75.00 90.00 NOTE
r-patched-linux-x86_64 0.2.1 5.32 45.08 50.40 OK
r-release-linux-x86_64 0.2.1 3.81 45.13 48.94 OK
r-release-macos-arm64 0.2.1 24.00 OK
r-release-macos-x86_64 0.2.1 37.00 OK
r-release-windows-x86_64 0.2.1 21.00 77.00 98.00 OK
r-oldrel-macos-arm64 0.2.1 25.00 OK
r-oldrel-macos-x86_64 0.2.1 29.00 OK
r-oldrel-windows-ix86+x86_64 0.2.1 14.00 69.00 83.00 OK

Check Details

Version: 0.2.1
Check: package subdirectories
Result: NOTE
    Problems with news in 'NEWS.md':
    No news entries found.
Flavors: r-devel-linux-x86_64-debian-clang, r-devel-linux-x86_64-debian-gcc, r-devel-linux-x86_64-fedora-clang, r-devel-linux-x86_64-fedora-gcc, r-devel-windows-x86_64