CRAN Package Check Results for Package shapr

Last updated on 2022-11-29 19:06:57 CET.

Flavor Version Tinstall Tcheck Ttotal Status Flags
r-devel-linux-x86_64-debian-clang 0.2.0 82.45 157.84 240.29 NOTE
r-devel-linux-x86_64-debian-gcc 0.2.0 66.25 116.47 182.72 NOTE
r-devel-linux-x86_64-fedora-clang 0.2.0 311.84 NOTE
r-devel-linux-x86_64-fedora-gcc 0.2.0 277.51 NOTE
r-devel-windows-x86_64 0.2.0 91.00 172.00 263.00 NOTE
r-patched-linux-x86_64 0.2.0 74.24 134.79 209.03 NOTE
r-release-linux-x86_64 0.2.0 65.52 129.37 194.89 NOTE
r-release-macos-arm64 0.2.0 69.00 NOTE
r-release-macos-x86_64 0.2.0 95.00 NOTE
r-release-windows-x86_64 0.2.0 89.00 177.00 266.00 NOTE
r-oldrel-macos-arm64 0.2.0 92.00 NOTE
r-oldrel-macos-x86_64 0.2.0 137.00 NOTE
r-oldrel-windows-ix86+x86_64 0.2.0 204.00 221.00 425.00 NOTE

Check Details

Version: 0.2.0
Check: LazyData
Result: NOTE
     'LazyData' is specified without a 'data' directory
Flavors: r-devel-linux-x86_64-debian-clang, r-devel-linux-x86_64-debian-gcc, r-devel-linux-x86_64-fedora-clang, r-devel-linux-x86_64-fedora-gcc, r-devel-windows-x86_64, r-patched-linux-x86_64, r-release-linux-x86_64, r-release-macos-arm64, r-release-macos-x86_64, r-release-windows-x86_64, r-oldrel-macos-arm64, r-oldrel-macos-x86_64, r-oldrel-windows-ix86+x86_64