CRAN Package Check Results for Package sfhotspot

Last updated on 2022-08-16 20:53:24 CEST.

Flavor Version Tinstall Tcheck Ttotal Status Flags
r-devel-linux-x86_64-debian-clang 0.2.0 3.27 106.74 110.01 OK
r-devel-linux-x86_64-debian-gcc 0.2.0 1.79 77.34 79.13 OK
r-devel-linux-x86_64-fedora-clang 0.2.0 135.86 OK
r-devel-linux-x86_64-fedora-gcc 0.2.0 143.46 OK
r-devel-windows-x86_64 0.2.0 26.00 124.00 150.00 OK
r-patched-linux-x86_64 0.2.0 2.02 97.51 99.53 OK
r-release-linux-x86_64 0.2.0 1.90 97.07 98.97 OK
r-release-macos-arm64 0.2.0 40.00 OK
r-release-macos-x86_64 0.2.0 71.00 ERROR
r-release-windows-x86_64 0.2.0 17.00 122.00 139.00 OK
r-oldrel-macos-arm64 0.2.0 33.00 OK
r-oldrel-macos-x86_64 0.2.0 55.00 ERROR
r-oldrel-windows-ix86+x86_64 0.2.0 8.00 135.00 143.00 OK

Check Details

Version: 0.2.0
Check: tests
Result: ERROR
     Running ‘testthat.R’ [32s/34s]
    Running the tests in ‘tests/testthat.R’ failed.
    Last 13 lines of output:
     Cell size set to 0.00524 degrees automatically
     Cell size set to 0.00524 degrees automatically
     Cell size set to 500 metres automatically
     [ FAIL 1 | WARN 1 | SKIP 1 | PASS 161 ]
    
     ══ Skipped tests ═══════════════════════════════════════════════════════════════
     • On CRAN (1)
    
     ══ Failed tests ════════════════════════════════════════════════════════════════
     ── Failure (test-hotspot_classify.R:54:3): error if values are of the correct type/length but are invalid ──
     `hotspot_classify(data_sf, period = "10 years")` did not throw the expected error.
    
     [ FAIL 1 | WARN 1 | SKIP 1 | PASS 161 ]
     Error: Test failures
     Execution halted
Flavor: r-release-macos-x86_64

Version: 0.2.0
Check: tests
Result: ERROR
     Running ‘testthat.R’ [23s/23s]
    Running the tests in ‘tests/testthat.R’ failed.
    Last 13 lines of output:
     Cell size set to 0.00524 degrees automatically
     Cell size set to 0.00524 degrees automatically
     Cell size set to 500 metres automatically
     [ FAIL 1 | WARN 1 | SKIP 1 | PASS 161 ]
    
     ══ Skipped tests ═══════════════════════════════════════════════════════════════
     • On CRAN (1)
    
     ══ Failed tests ════════════════════════════════════════════════════════════════
     ── Failure (test-hotspot_classify.R:54:3): error if values are of the correct type/length but are invalid ──
     `hotspot_classify(data_sf, period = "10 years")` did not throw the expected error.
    
     [ FAIL 1 | WARN 1 | SKIP 1 | PASS 161 ]
     Error: Test failures
     Execution halted
Flavor: r-oldrel-macos-x86_64