CRAN Package Check Results for Package serrsBayes

Last updated on 2022-11-16 08:03:05 CET.

Flavor Version Tinstall Tcheck Ttotal Status Flags
r-devel-linux-x86_64-debian-clang 0.5-0 OK
r-devel-linux-x86_64-debian-gcc 0.5-0 63.53 444.24 507.77 OK
r-devel-linux-x86_64-fedora-clang 0.5-0 795.60 OK
r-devel-linux-x86_64-fedora-gcc 0.5-0 811.16 OK
r-devel-windows-x86_64 0.5-0 77.00 489.00 566.00 OK
r-patched-linux-x86_64 0.5-0 65.78 559.77 625.55 OK
r-release-linux-x86_64 0.5-0 70.86 564.04 634.90 OK
r-release-macos-arm64 0.5-0 245.00 NOTE
r-release-macos-x86_64 0.5-0 292.00 NOTE
r-release-windows-x86_64 0.5-0 82.00 527.00 609.00 OK
r-oldrel-macos-arm64 0.5-0 280.00 NOTE
r-oldrel-macos-x86_64 0.5-0 283.00 NOTE
r-oldrel-windows-ix86+x86_64 0.5-0 168.00 530.00 698.00 OK

Check Details

Version: 0.5-0
Check: installed package size
Result: NOTE
     installed size is 17.2Mb
     sub-directories of 1Mb or more:
     libs 15.9Mb
Flavors: r-release-macos-arm64, r-release-macos-x86_64, r-oldrel-macos-arm64, r-oldrel-macos-x86_64