CRAN Package Check Results for Package sensitivity

Last updated on 2022-10-04 20:53:51 CEST.

Flavor Version Tinstall Tcheck Ttotal Status Flags
r-devel-linux-x86_64-debian-clang 1.28.0 143.54 250.53 394.07 OK
r-devel-linux-x86_64-debian-gcc 1.28.0 108.10 180.00 288.10 OK
r-devel-linux-x86_64-fedora-clang 1.28.0 527.03 OK
r-devel-linux-x86_64-fedora-gcc 1.28.0 514.45 OK
r-devel-windows-x86_64 1.28.0 198.00 290.00 488.00 OK
r-patched-linux-x86_64 1.28.0 110.65 225.22 335.87 OK
r-release-linux-x86_64 1.28.0 101.82 232.37 334.19 OK
r-release-macos-arm64 1.28.0 117.00 NOTE
r-release-macos-x86_64 1.28.0 148.00 NOTE
r-release-windows-x86_64 1.28.0 108.00 227.00 335.00 OK
r-oldrel-macos-arm64 1.28.0 111.00 NOTE
r-oldrel-macos-x86_64 1.28.0 150.00 NOTE
r-oldrel-windows-ix86+x86_64 1.28.0 305.00 341.00 646.00 NOTE

Check Details

Version: 1.28.0
Check: installed package size
Result: NOTE
     installed size is 5.4Mb
     sub-directories of 1Mb or more:
     R 2.2Mb
     libs 2.6Mb
Flavors: r-release-macos-arm64, r-release-macos-x86_64, r-oldrel-macos-arm64, r-oldrel-macos-x86_64, r-oldrel-windows-ix86+x86_64