CRAN Package Check Results for Package scidesignR

Last updated on 2022-08-18 20:49:54 CEST.

Flavor Version Tinstall Tcheck Ttotal Status Flags
r-devel-linux-x86_64-debian-clang 1.0.0 2.68 22.57 25.25 OK
r-devel-linux-x86_64-debian-gcc 1.0.0 1.90 17.55 19.45 OK
r-devel-linux-x86_64-fedora-clang 1.0.0 40.98 NOTE
r-devel-linux-x86_64-fedora-gcc 1.0.0 41.76 NOTE
r-devel-windows-x86_64 1.0.0 25.00 43.00 68.00 OK
r-patched-linux-x86_64 1.0.0 2.70 21.53 24.23 OK
r-release-linux-x86_64 1.0.0 OK
r-release-macos-arm64 1.0.0 15.00 NOTE
r-release-macos-x86_64 1.0.0 22.00 NOTE
r-release-windows-x86_64 1.0.0 42.00 42.00 84.00 OK
r-oldrel-macos-arm64 1.0.0 15.00 NOTE
r-oldrel-macos-x86_64 1.0.0 23.00 NOTE
r-oldrel-windows-ix86+x86_64 1.0.0 5.00 26.00 31.00 OK

Check Details

Version: 1.0.0
Check: data for non-ASCII characters
Result: NOTE
     Note: found 2 marked UTF-8 strings
Flavors: r-devel-linux-x86_64-fedora-clang, r-devel-linux-x86_64-fedora-gcc, r-release-macos-arm64, r-release-macos-x86_64, r-oldrel-macos-arm64, r-oldrel-macos-x86_64