CRAN Package Check Results for Package schoRsch

Last updated on 2024-06-22 08:52:13 CEST.

Flavor Version Tinstall Tcheck Ttotal Status Flags
r-devel-linux-x86_64-debian-clang 1.10 2.75 25.47 28.22 NOTE
r-devel-linux-x86_64-debian-gcc 1.10 2.32 19.27 21.59 NOTE
r-devel-linux-x86_64-fedora-clang 1.10 34.93 NOTE
r-devel-linux-x86_64-fedora-gcc 1.10 32.96 NOTE
r-devel-windows-x86_64 1.10 3.00 41.00 44.00 NOTE
r-patched-linux-x86_64 1.10 3.24 24.69 27.93 NOTE
r-release-linux-x86_64 1.10 2.80 24.64 27.44 NOTE
r-release-macos-arm64 1.10 14.00 NOTE
r-release-macos-x86_64 1.10 28.00 NOTE
r-release-windows-x86_64 1.10 4.00 42.00 46.00 NOTE
r-oldrel-macos-arm64 1.10 16.00 OK
r-oldrel-macos-x86_64 1.10 21.00 OK
r-oldrel-windows-x86_64 1.10 4.00 44.00 48.00 OK

Check Details

Version: 1.10
Check: Rd files
Result: NOTE checkRd: (-1) schoRsch.Rd:21: Lost braces in \itemize; meant \describe ? checkRd: (-1) schoRsch.Rd:22: Lost braces in \itemize; meant \describe ? checkRd: (-1) schoRsch.Rd:23: Lost braces in \itemize; meant \describe ? checkRd: (-1) schoRsch.Rd:24: Lost braces in \itemize; meant \describe ? checkRd: (-1) schoRsch.Rd:25: Lost braces in \itemize; meant \describe ? checkRd: (-1) schoRsch.Rd:26: Lost braces in \itemize; meant \describe ? checkRd: (-1) schoRsch.Rd:27: Lost braces in \itemize; meant \describe ? checkRd: (-1) schoRsch.Rd:28: Lost braces in \itemize; meant \describe ? checkRd: (-1) schoRsch.Rd:29: Lost braces in \itemize; meant \describe ? checkRd: (-1) schoRsch.Rd:30: Lost braces in \itemize; meant \describe ? checkRd: (-1) schoRsch.Rd:31: Lost braces in \itemize; meant \describe ? checkRd: (-1) schoRsch.Rd:35: Lost braces in \itemize; meant \describe ? checkRd: (-1) schoRsch.Rd:36: Lost braces in \itemize; meant \describe ? checkRd: (-1) schoRsch.Rd:37: Lost braces in \itemize; meant \describe ? checkRd: (-1) schoRsch.Rd:38: Lost braces in \itemize; meant \describe ? checkRd: (-1) schoRsch.Rd:39: Lost braces in \itemize; meant \describe ? checkRd: (-1) schoRsch.Rd:40: Lost braces in \itemize; meant \describe ? checkRd: (-1) schoRsch.Rd:41: Lost braces in \itemize; meant \describe ? checkRd: (-1) schoRsch.Rd:42: Lost braces in \itemize; meant \describe ? checkRd: (-1) schoRsch.Rd:43: Lost braces in \itemize; meant \describe ? checkRd: (-1) schoRsch.Rd:44: Lost braces in \itemize; meant \describe ? checkRd: (-1) schoRsch.Rd:45: Lost braces in \itemize; meant \describe ? Flavors: r-devel-linux-x86_64-debian-clang, r-devel-linux-x86_64-debian-gcc, r-devel-linux-x86_64-fedora-clang, r-devel-linux-x86_64-fedora-gcc, r-devel-windows-x86_64, r-patched-linux-x86_64, r-release-linux-x86_64, r-release-macos-arm64, r-release-macos-x86_64, r-release-windows-x86_64