CRAN Package Check Results for Package scINSIGHT

Last updated on 2024-07-23 08:49:17 CEST.

Flavor Version Tinstall Tcheck Ttotal Status Flags
r-devel-linux-x86_64-debian-clang 0.1.4 66.63 42.03 108.66 NOTE
r-devel-linux-x86_64-debian-gcc 0.1.4 44.94 31.61 76.55 NOTE
r-devel-linux-x86_64-fedora-clang 0.1.4 150.74 NOTE
r-devel-linux-x86_64-fedora-gcc 0.1.4 146.02 NOTE
r-devel-windows-x86_64 0.1.4 47.00 64.00 111.00 NOTE
r-patched-linux-x86_64 0.1.4 65.48 38.86 104.34 NOTE
r-release-linux-x86_64 0.1.4 52.66 39.60 92.26 NOTE
r-release-macos-arm64 0.1.4 39.00 NOTE
r-release-macos-x86_64 0.1.4 46.00 NOTE
r-release-windows-x86_64 0.1.4 55.00 68.00 123.00 NOTE
r-oldrel-macos-arm64 0.1.4 41.00 NOTE
r-oldrel-macos-x86_64 0.1.4 60.00 NOTE
r-oldrel-windows-x86_64 0.1.4 55.00 82.00 137.00 NOTE

Check Details

Version: 0.1.4
Check: C++ specification
Result: NOTE Specified C++11: please drop specification unless essential Flavors: r-devel-linux-x86_64-debian-clang, r-devel-linux-x86_64-debian-gcc, r-devel-linux-x86_64-fedora-clang, r-devel-linux-x86_64-fedora-gcc, r-devel-windows-x86_64, r-patched-linux-x86_64, r-release-linux-x86_64, r-release-macos-arm64, r-release-macos-x86_64, r-release-windows-x86_64, r-oldrel-macos-arm64, r-oldrel-macos-x86_64, r-oldrel-windows-x86_64