CRAN Package Check Results for Package scDiffCom

Last updated on 2022-11-30 06:53:40 CET.

Flavor Version Tinstall Tcheck Ttotal Status Flags
r-devel-linux-x86_64-debian-clang 0.1.0 35.21 354.82 390.03 NOTE
r-devel-linux-x86_64-debian-gcc 0.1.0 28.51 292.87 321.38 NOTE
r-devel-linux-x86_64-fedora-clang 0.1.0 453.60 NOTE
r-devel-linux-x86_64-fedora-gcc 0.1.0 445.19 NOTE
r-devel-windows-x86_64 0.1.0 66.00 315.00 381.00 OK
r-patched-linux-x86_64 0.1.0 27.45 324.46 351.91 OK
r-release-linux-x86_64 0.1.0 23.02 336.41 359.43 OK
r-release-macos-arm64 0.1.0 108.00 NOTE
r-release-macos-x86_64 0.1.0 190.00 NOTE
r-release-windows-x86_64 0.1.0 92.00 321.00 413.00 OK
r-oldrel-macos-arm64 0.1.0 163.00 NOTE
r-oldrel-macos-x86_64 0.1.0 147.00 NOTE
r-oldrel-windows-ix86+x86_64 0.1.0 72.00 314.00 386.00 OK

Check Details

Version: 0.1.0
Check: package dependencies
Result: NOTE
    Package suggested but not available for checking: 'SingleCellSignalR'
Flavors: r-devel-linux-x86_64-debian-clang, r-devel-linux-x86_64-debian-gcc, r-devel-linux-x86_64-fedora-clang, r-devel-linux-x86_64-fedora-gcc

Version: 0.1.0
Check: dependencies in R code
Result: NOTE
    Namespaces in Imports field not imported from:
     ‘future’ ‘utils’
     All declared Imports should be used.
Flavors: r-devel-linux-x86_64-fedora-clang, r-devel-linux-x86_64-fedora-gcc, r-release-macos-arm64, r-release-macos-x86_64, r-oldrel-macos-arm64, r-oldrel-macos-x86_64

Version: 0.1.0
Check: package dependencies
Result: NOTE
    Package suggested but not available for checking: ‘ontoProc’
Flavor: r-release-macos-arm64

Version: 0.1.0
Check: package dependencies
Result: NOTE
    Packages suggested but not available for checking:
     'ontoProc', 'SingleCellSignalR'
Flavor: r-oldrel-macos-x86_64